{"id":21962,"date":"2026-02-20T14:35:14","date_gmt":"2026-02-20T14:35:14","guid":{"rendered":"https:\/\/biblioargentina.gob.ar\/web\/?page_id=21962"},"modified":"2026-02-27T12:48:23","modified_gmt":"2026-02-27T12:48:23","slug":"escritura-creativa","status":"publish","type":"page","link":"https:\/\/biblioargentina.gob.ar\/web\/escritura-creativa\/","title":{"rendered":"Escritura creativa"},"content":{"rendered":"\n<div class=\"wp-block-media-text is-stacked-on-mobile is-vertically-aligned-top\"><figure class=\"wp-block-media-text__media\"><img loading=\"lazy\" decoding=\"async\" width=\"400\" height=\"289\" src=\"https:\/\/biblioargentina.gob.ar\/web\/wp-content\/uploads\/2026\/02\/Talleres-gratuitos.png\" alt=\"\" class=\"wp-image-22103 size-full\" srcset=\"https:\/\/biblioargentina.gob.ar\/web\/wp-content\/uploads\/2026\/02\/Talleres-gratuitos.png 400w, https:\/\/biblioargentina.gob.ar\/web\/wp-content\/uploads\/2026\/02\/Talleres-gratuitos-300x217.png 300w\" sizes=\"auto, (max-width: 400px) 100vw, 400px\" \/><\/figure><div class=\"wp-block-media-text__content\">\n<p>Propuesta con j\u00f3venes desde 16 a\u00f1os y adultos para producir textos de ficci\u00f3n en base a consignas y ejercicios que habiliten la expresi\u00f3n individual y la lectura a trav\u00e9s del intercambio grupal.<\/p>\n<\/div><\/div>\n\n\n\n<div style=\"height:30px\" aria-hidden=\"true\" class=\"wp-block-spacer\"><\/div>\n\n\n\n<h2 class=\"wp-block-heading\">Coordina<\/h2>\n\n\n\n<p>Profesora Lidia Garc\u00eda.<\/p>\n\n\n\n<h2 class=\"wp-block-heading\">Biograf\u00eda personal<\/h2>\n\n\n\n<p>Profesora en Letras egresada de la Facultad de Humanidades y Artes de la UNR. Formaci\u00f3n universitaria en Psicolog\u00eda. Ingres\u00f3 a la Municipalidad de Rosario en 1986 trabajando en la Esc. de Artes Pl\u00e1sticas Manuel Musto. En 1989 pas\u00f3 a trabajar en el Teatro Mateo Booz. Coordina talleres de literatura en la Municipalidad desde 1990. En el a\u00f1o 2000, designada por \u00abChiqui\u00bb Gonz\u00e1lez, particip\u00f3 como capacitadora de j\u00f3venes coordinadores en dispositivos l\u00fadicos de la muestra <em>Berni para los ni\u00f1os<\/em>. Adem\u00e1s ese mismo a\u00f1o realiz\u00f3 una gu\u00eda de tango Rosarina, \u00abLa orillera\u00bb, con motivo de la Cumbre mundial del tango. Y, tambi\u00e9n a partir del a\u00f1o 2000, trabaj\u00f3 en zonas de contextos sociales complejos del oeste, norte y sur de la ciudad hasta 2002. Luego continu\u00f3 en tres anclajes de zona sur: Centro de Salud Sur (cre\u00f3 un dispositivo de intervenci\u00f3n con ni\u00f1as\/os, coordin\u00f3 un espacio de alfabetizaci\u00f3n para adultas\/os, y otro de comunicaci\u00f3n tambi\u00e9n con adultas\/os), Las Flores Sur (Espacio de comunicaci\u00f3n con mujeres, en v\u00ednculo con Trabajo Social y Salud por derechos de la mujer y violencia de g\u00e9nero), Centro de Salud Pasteur (cre\u00f3 el proyecto \u00abEspacio de juego con ni\u00f1os\u00bb y tambi\u00e9n coordin\u00f3 un espacio de alfabetizaci\u00f3n para adultas\/os). Adem\u00e1s trabaj\u00f3 en el C.M.D. Sur con talleres de literatura con j\u00f3venes y adultas\/os y con ni\u00f1as\/os. En ese distrito en 2008 particip\u00f3 del proyecto urbano de recuperaci\u00f3n del play\u00f3n del brazo seco del Arroyo saladillo, reconstruyendo la memoria del lugar con la participaci\u00f3n de vecinos y vecinas, y la publicaci\u00f3n de textos en Letras del sur. Desde 2006 comenz\u00f3 a realizar talleres de literatura con ni\u00f1as\/os, con j\u00f3venes y adultas\/os en la Biblioteca J. M. Estrada. En CMD sur y en biblioteca J.M. Estrada coordin\u00f3 actividades y la presentaci\u00f3n de escritoras y escritores en los Festivales de Poes\u00eda de Rosario. A partir del 2011 trabaj\u00f3 en el C.M.D. Oeste en el proyecto \u00abLos poetas hacen escuela\u00bb hasta 2013. Luego se traslad\u00f3 al Distrito Centro en las 2 bibliotecas. En la Biblioteca Argentina coordin\u00f3 los grupos de ni\u00f1os que ven\u00edan de los C.C.B.<\/p>\n\n\n\n<h2 class=\"wp-block-heading\">Comienzo<\/h2>\n\n\n\n<p>Viernes 10 abril a las 11 h.<\/p>\n\n\n\n<h2 class=\"wp-block-heading\">D\u00eda y horario<\/h2>\n\n\n\n<p>Viernes de 11 a 12:30 h.<\/p>\n\n\n\n<h2 class=\"wp-block-heading\">Finalizaci\u00f3n<\/h2>\n\n\n\n<p>Viernes 26 de junio.<\/p>\n\n\n\n<h2 class=\"wp-block-heading\">Destinado a<\/h2>\n\n\n\n<p>Personas interesadas a partir de los 16 a\u00f1os.<\/p>\n\n\n\n<h2 class=\"wp-block-heading\">Cupo<\/h2>\n\n\n\n<p>Veinte (20) personas.<\/p>\n\n\n\n<h2 class=\"wp-block-heading\">Lugar<\/h2>\n\n\n\n<p>En la Sala Ang\u00e9lica Gorodischer, ubicada en el 4\u00b0 piso.<\/p>\n\n\n\n<h2 class=\"wp-block-heading\">Inscripci\u00f3n<\/h2>\n\n\n\n<p>Asistencia a la primer clase.<\/p>\n","protected":false},"excerpt":{"rendered":"<p>Propuesta con j\u00f3venes desde 16 a\u00f1os y adultos para producir textos de ficci\u00f3n en base a consignas y ejercicios que [&hellip;]<\/p>\n","protected":false},"author":5,"featured_media":0,"parent":0,"menu_order":0,"comment_status":"open","ping_status":"closed","template":"","meta":{"site-sidebar-layout":"default","site-content-layout":"","ast-site-content-layout":"default","site-content-style":"default","site-sidebar-style":"default","ast-global-header-display":"","ast-banner-title-visibility":"","ast-main-header-display":"","ast-hfb-above-header-display":"","ast-hfb-below-header-display":"","ast-hfb-mobile-header-display":"","site-post-title":"","ast-breadcrumbs-content":"","ast-featured-img":"","footer-sml-layout":"","ast-disable-related-posts":"","theme-transparent-header-meta":"","adv-header-id-meta":"","stick-header-meta":"","header-above-stick-meta":"","header-main-stick-meta":"","header-below-stick-meta":"","astra-migrate-meta-layouts":"default","ast-page-background-enabled":"default","ast-page-background-meta":{"desktop":{"background-color":"var(--ast-global-color-4)","background-image":"","background-repeat":"repeat","background-position":"center center","background-size":"auto","background-attachment":"scroll","background-type":"","background-media":"","overlay-type":"","overlay-color":"","overlay-opacity":"","overlay-gradient":""},"tablet":{"background-color":"","background-image":"","background-repeat":"repeat","background-position":"center center","background-size":"auto","background-attachment":"scroll","background-type":"","background-media":"","overlay-type":"","overlay-color":"","overlay-opacity":"","overlay-gradient":""},"mobile":{"background-color":"","background-image":"","background-repeat":"repeat","background-position":"center center","background-size":"auto","background-attachment":"scroll","background-type":"","background-media":"","overlay-type":"","overlay-color":"","overlay-opacity":"","overlay-gradient":""}},"ast-content-background-meta":{"desktop":{"background-color":"var(--ast-global-color-5)","background-image":"","background-repeat":"repeat","background-position":"center center","background-size":"auto","background-attachment":"scroll","background-type":"","background-media":"","overlay-type":"","overlay-color":"","overlay-opacity":"","overlay-gradient":""},"tablet":{"background-color":"var(--ast-global-color-5)","background-image":"","background-repeat":"repeat","background-position":"center center","background-size":"auto","background-attachment":"scroll","background-type":"","background-media":"","overlay-type":"","overlay-color":"","overlay-opacity":"","overlay-gradient":""},"mobile":{"background-color":"var(--ast-global-color-5)","background-image":"","background-repeat":"repeat","background-position":"center center","background-size":"auto","background-attachment":"scroll","background-type":"","background-media":"","overlay-type":"","overlay-color":"","overlay-opacity":"","overlay-gradient":""}},"footnotes":""},"class_list":["post-21962","page","type-page","status-publish","hentry"],"_links":{"self":[{"href":"https:\/\/biblioargentina.gob.ar\/web\/wp-json\/wp\/v2\/pages\/21962","targetHints":{"allow":["GET"]}}],"collection":[{"href":"https:\/\/biblioargentina.gob.ar\/web\/wp-json\/wp\/v2\/pages"}],"about":[{"href":"https:\/\/biblioargentina.gob.ar\/web\/wp-json\/wp\/v2\/types\/page"}],"author":[{"embeddable":true,"href":"https:\/\/biblioargentina.gob.ar\/web\/wp-json\/wp\/v2\/users\/5"}],"replies":[{"embeddable":true,"href":"https:\/\/biblioargentina.gob.ar\/web\/wp-json\/wp\/v2\/comments?post=21962"}],"version-history":[{"count":3,"href":"https:\/\/biblioargentina.gob.ar\/web\/wp-json\/wp\/v2\/pages\/21962\/revisions"}],"predecessor-version":[{"id":22127,"href":"https:\/\/biblioargentina.gob.ar\/web\/wp-json\/wp\/v2\/pages\/21962\/revisions\/22127"}],"wp:attachment":[{"href":"https:\/\/biblioargentina.gob.ar\/web\/wp-json\/wp\/v2\/media?parent=21962"}],"curies":[{"name":"wp","href":"https:\/\/api.w.org\/{rel}","templated":true}]}}

<div class="wp-block-media-text is-stacked-on-mobile is-vertically-aligned-top"><figure class="wp-block-media-text__media"><img loading="lazy" decoding="async" width="400" height="289" src="https://biblioargentina.gob.ar/web/wp-content/uploads/2026/02/Talleres-gratuitos.png" alt="" class="wp-image-22103 size-full" srcset="https://biblioargentina.gob.ar/web/wp-content/uploads/2026/02/Talleres-gratuitos.png 400w, https://biblioargentina.gob.ar/web/wp-content/uploads/2026/02/Talleres-gratuitos-300x217.png 300w" sizes="auto, (max-width: 400px) 100vw, 400px" /></figure><div class="wp-block-media-text__content">
<p>Propuesta con jóvenes desde 16 años y adultos para producir textos de ficción en base a consignas y ejercicios que habiliten la expresión individual y la lectura a través del intercambio grupal.</p>
</div></div>



<div style="height:30px" aria-hidden="true" class="wp-block-spacer"></div>



<h2 class="wp-block-heading">Coordina</h2>



<p>Profesora Lidia García.</p>



<h2 class="wp-block-heading">Biografía personal</h2>



<p>Profesora en Letras egresada de la Facultad de Humanidades y Artes de la UNR. Formación universitaria en Psicología. Ingresó a la Municipalidad de Rosario en 1986 trabajando en la Esc. de Artes Plásticas Manuel Musto. En 1989 pasó a trabajar en el Teatro Mateo Booz. Coordina talleres de literatura en la Municipalidad desde 1990. En el año 2000, designada por «Chiqui» González, participó como capacitadora de jóvenes coordinadores en dispositivos lúdicos de la muestra <em>Berni para los niños</em>. Además ese mismo año realizó una guía de tango Rosarina, «La orillera», con motivo de la Cumbre mundial del tango. Y, también a partir del año 2000, trabajó en zonas de contextos sociales complejos del oeste, norte y sur de la ciudad hasta 2002. Luego continuó en tres anclajes de zona sur: Centro de Salud Sur (creó un dispositivo de intervención con niñas/os, coordinó un espacio de alfabetización para adultas/os, y otro de comunicación también con adultas/os), Las Flores Sur (Espacio de comunicación con mujeres, en vínculo con Trabajo Social y Salud por derechos de la mujer y violencia de género), Centro de Salud Pasteur (creó el proyecto «Espacio de juego con niños» y también coordinó un espacio de alfabetización para adultas/os). Además trabajó en el C.M.D. Sur con talleres de literatura con jóvenes y adultas/os y con niñas/os. En ese distrito en 2008 participó del proyecto urbano de recuperación del playón del brazo seco del Arroyo saladillo, reconstruyendo la memoria del lugar con la participación de vecinos y vecinas, y la publicación de textos en Letras del sur. Desde 2006 comenzó a realizar talleres de literatura con niñas/os, con jóvenes y adultas/os en la Biblioteca J. M. Estrada. En CMD sur y en biblioteca J.M. Estrada coordinó actividades y la presentación de escritoras y escritores en los Festivales de Poesía de Rosario. A partir del 2011 trabajó en el C.M.D. Oeste en el proyecto «Los poetas hacen escuela» hasta 2013. Luego se trasladó al Distrito Centro en las 2 bibliotecas. En la Biblioteca Argentina coordinó los grupos de niños que venían de los C.C.B.</p>



<h2 class="wp-block-heading">Comienzo</h2>



<p>Viernes 10 abril a las 11 h.</p>



<h2 class="wp-block-heading">Día y horario</h2>



<p>Viernes de 11 a 12:30 h.</p>



<h2 class="wp-block-heading">Finalización</h2>



<p>Viernes 26 de junio.</p>



<h2 class="wp-block-heading">Destinado a</h2>



<p>Personas interesadas a partir de los 16 años.</p>



<h2 class="wp-block-heading">Cupo</h2>



<p>Veinte (20) personas.</p>



<h2 class="wp-block-heading">Lugar</h2>



<p>En la Sala Angélica Gorodischer, ubicada en el 4° piso.</p>



<h2 class="wp-block-heading">Inscripción</h2>



<p>Asistencia a la primer clase.</p>

<p>Propuesta con jóvenes desde 16 años y adultos para producir textos de ficción en base a consignas y ejercicios que [&hellip;]</p>
