{"id":21895,"date":"2026-03-06T14:01:45","date_gmt":"2026-03-06T14:01:45","guid":{"rendered":"https:\/\/biblioargentina.gob.ar\/web\/?page_id=21895"},"modified":"2026-04-23T13:29:52","modified_gmt":"2026-04-23T13:29:52","slug":"ajedrez-para-las-infancias","status":"publish","type":"page","link":"https:\/\/biblioargentina.gob.ar\/web\/ajedrez-para-las-infancias\/","title":{"rendered":"Ajedrez para las infancias"},"content":{"rendered":"\n<div class=\"wp-block-media-text is-stacked-on-mobile is-vertically-aligned-top\"><figure class=\"wp-block-media-text__media\"><img loading=\"lazy\" decoding=\"async\" width=\"400\" height=\"289\" src=\"https:\/\/biblioargentina.gob.ar\/web\/wp-content\/uploads\/2026\/03\/Ajedrez-en-la-Biblioteca-Argentina.png\" alt=\"\" class=\"wp-image-22210 size-full\" srcset=\"https:\/\/biblioargentina.gob.ar\/web\/wp-content\/uploads\/2026\/03\/Ajedrez-en-la-Biblioteca-Argentina.png 400w, https:\/\/biblioargentina.gob.ar\/web\/wp-content\/uploads\/2026\/03\/Ajedrez-en-la-Biblioteca-Argentina-300x217.png 300w\" sizes=\"auto, (max-width: 400px) 100vw, 400px\" \/><\/figure><div class=\"wp-block-media-text__content\">\n<p>En el marco del Programa Municipal de Ajedrez contin\u00faa ofreci\u00e9ndose el taller, garantizando que la ense\u00f1anza del mismo est\u00e9 al alcance de todas las personas, independientemente de su contexto socioecon\u00f3mico. <\/p>\n<\/div><\/div>\n\n\n\n<div style=\"height:30px\" aria-hidden=\"true\" class=\"wp-block-spacer\"><\/div>\n\n\n\n<h2 class=\"wp-block-heading\">Docente<\/h2>\n\n\n\n<p>Facundo Cuello.<\/p>\n\n\n\n<h2 class=\"wp-block-heading\">Comienzo<\/h2>\n\n\n\n<p>Lunes 30 de marzo.<\/p>\n\n\n\n<h2 class=\"wp-block-heading\">D\u00eda y horario<\/h2>\n\n\n\n<p>Lunes de 18 a 19 h.<\/p>\n\n\n\n<h2 class=\"wp-block-heading\">Finalizaci\u00f3n<\/h2>\n\n\n\n<p>Lunes 30 de noviembre.<\/p>\n\n\n\n<h2 class=\"wp-block-heading\">Destinado a<\/h2>\n\n\n\n<p>Iniciales (5 a 8 a\u00f1os).<\/p>\n\n\n\n<h2 class=\"wp-block-heading\">Cupo<\/h2>\n\n\n\n<p>Limitado.<\/p>\n\n\n\n<h2 class=\"wp-block-heading\">Lugar<\/h2>\n\n\n\n<p><a href=\"https:\/\/biblioargentina.gob.ar\/web\/sala-de-lectura-3-piso\/\" data-type=\"link\" data-id=\"https:\/\/biblioargentina.gob.ar\/web\/sala-de-lectura-3-piso\/\">Sala de lectura en tercer piso<\/a>, ubicada en el 3\u00b0 piso de la instituci\u00f3n.<\/p>\n\n\n\n<h2 class=\"wp-block-heading\">Inscripci\u00f3n<\/h2>\n\n\n\n<p>Presencial, asistencia a la primer clase (con formulario).<\/p>\n\n\n\n<div style=\"height:30px\" aria-hidden=\"true\" class=\"wp-block-spacer\"><\/div>\n\n\n\n<p><strong>Accesible para personas con discapacidad visual. Ya que la instituci\u00f3n cuenta con un juego adaptado donado por el Movimiento de Unidad de Ciegos y Ambl\u00edopes de Rosario, Mucar, al <a href=\"https:\/\/biblioargentina.gob.ar\/web\/servicio-de-lectura-accesible\/\">Servicio de Lectura Accesible<\/a>.<\/strong><\/p>\n\n\n\n<h3 class=\"wp-block-heading\">En el marco del programa municipal de Ajedrez.<\/h3>\n\n\n\n<p>Una pol\u00edtica p\u00fablica que transforma.<\/p>\n\n\n\n<p>Iniciativa que se fue consolidando a trav\u00e9s de los a\u00f1os y posibilit\u00f3 un legado de ense\u00f1anza y oportunidades, posicionando a la ciudad como una plaza destacada en la disciplina.<\/p>\n\n\n\n<p>El Programa Municipal de Ajedrez lleg\u00f3 a m\u00e1s de 3.500 familias, promoviendo la inclusi\u00f3n y la educaci\u00f3n a trav\u00e9s del juego-ciencia. Su trayectoria y recorrido en la ciudad fue testigo de la democratizaci\u00f3n del ajedrez, permitiendo que cientos de alumnas y alumnos transiten desde la ense\u00f1anza escolar hacia competencias federativas, representando a Rosario en torneos a nivel nacional e internacional.\u2028\u2028<\/p>\n\n\n\n<p>La historia del programa se remonta a un deseo colectivo de vecinas, vecinos y educadoras y educadores que, con el apoyo de las autoridades municipales, lograron que el ajedrez se incorporara como materia curricular en 78 escuelas primarias. Este esfuerzo permiti\u00f3 que m\u00e1s de 50.000 rosarinas y rosarinos se vinculen con el ajedrez en sus diversas formas, consolidando a Rosario como un referente en el \u00e1mbito del ajedrez infantojuvenil.\u2028<\/p>\n\n\n\n<p>Con el compromiso de seguir expandiendo esta iniciativa, el Programa Municipal de Ajedrez contin\u00faa ofreciendo talleres en escuelas, bibliotecas y centros comunitarios, garantizando que la ense\u00f1anza del ajedrez est\u00e9 al alcance de todos, independientemente de su contexto socioecon\u00f3mico. Con el objetivo de seguir construyendo un futuro lleno de oportunidades a trav\u00e9s del ajedrez.<\/p>\n","protected":false},"excerpt":{"rendered":"<p>En el marco del Programa Municipal de Ajedrez contin\u00faa ofreci\u00e9ndose el taller, garantizando que la ense\u00f1anza del mismo est\u00e9 al [&hellip;]<\/p>\n","protected":false},"author":5,"featured_media":0,"parent":0,"menu_order":0,"comment_status":"open","ping_status":"closed","template":"","meta":{"site-sidebar-layout":"default","site-content-layout":"","ast-site-content-layout":"default","site-content-style":"default","site-sidebar-style":"default","ast-global-header-display":"","ast-banner-title-visibility":"","ast-main-header-display":"","ast-hfb-above-header-display":"","ast-hfb-below-header-display":"","ast-hfb-mobile-header-display":"","site-post-title":"","ast-breadcrumbs-content":"","ast-featured-img":"","footer-sml-layout":"","ast-disable-related-posts":"","theme-transparent-header-meta":"","adv-header-id-meta":"","stick-header-meta":"","header-above-stick-meta":"","header-main-stick-meta":"","header-below-stick-meta":"","astra-migrate-meta-layouts":"default","ast-page-background-enabled":"default","ast-page-background-meta":{"desktop":{"background-color":"var(--ast-global-color-4)","background-image":"","background-repeat":"repeat","background-position":"center center","background-size":"auto","background-attachment":"scroll","background-type":"","background-media":"","overlay-type":"","overlay-color":"","overlay-opacity":"","overlay-gradient":""},"tablet":{"background-color":"","background-image":"","background-repeat":"repeat","background-position":"center center","background-size":"auto","background-attachment":"scroll","background-type":"","background-media":"","overlay-type":"","overlay-color":"","overlay-opacity":"","overlay-gradient":""},"mobile":{"background-color":"","background-image":"","background-repeat":"repeat","background-position":"center center","background-size":"auto","background-attachment":"scroll","background-type":"","background-media":"","overlay-type":"","overlay-color":"","overlay-opacity":"","overlay-gradient":""}},"ast-content-background-meta":{"desktop":{"background-color":"var(--ast-global-color-5)","background-image":"","background-repeat":"repeat","background-position":"center center","background-size":"auto","background-attachment":"scroll","background-type":"","background-media":"","overlay-type":"","overlay-color":"","overlay-opacity":"","overlay-gradient":""},"tablet":{"background-color":"var(--ast-global-color-5)","background-image":"","background-repeat":"repeat","background-position":"center center","background-size":"auto","background-attachment":"scroll","background-type":"","background-media":"","overlay-type":"","overlay-color":"","overlay-opacity":"","overlay-gradient":""},"mobile":{"background-color":"var(--ast-global-color-5)","background-image":"","background-repeat":"repeat","background-position":"center center","background-size":"auto","background-attachment":"scroll","background-type":"","background-media":"","overlay-type":"","overlay-color":"","overlay-opacity":"","overlay-gradient":""}},"footnotes":""},"class_list":["post-21895","page","type-page","status-publish","hentry"],"_links":{"self":[{"href":"https:\/\/biblioargentina.gob.ar\/web\/wp-json\/wp\/v2\/pages\/21895","targetHints":{"allow":["GET"]}}],"collection":[{"href":"https:\/\/biblioargentina.gob.ar\/web\/wp-json\/wp\/v2\/pages"}],"about":[{"href":"https:\/\/biblioargentina.gob.ar\/web\/wp-json\/wp\/v2\/types\/page"}],"author":[{"embeddable":true,"href":"https:\/\/biblioargentina.gob.ar\/web\/wp-json\/wp\/v2\/users\/5"}],"replies":[{"embeddable":true,"href":"https:\/\/biblioargentina.gob.ar\/web\/wp-json\/wp\/v2\/comments?post=21895"}],"version-history":[{"count":8,"href":"https:\/\/biblioargentina.gob.ar\/web\/wp-json\/wp\/v2\/pages\/21895\/revisions"}],"predecessor-version":[{"id":22568,"href":"https:\/\/biblioargentina.gob.ar\/web\/wp-json\/wp\/v2\/pages\/21895\/revisions\/22568"}],"wp:attachment":[{"href":"https:\/\/biblioargentina.gob.ar\/web\/wp-json\/wp\/v2\/media?parent=21895"}],"curies":[{"name":"wp","href":"https:\/\/api.w.org\/{rel}","templated":true}]}}