{"id":21891,"date":"2026-02-20T12:21:53","date_gmt":"2026-02-20T12:21:53","guid":{"rendered":"https:\/\/biblioargentina.gob.ar\/web\/?page_id=21891"},"modified":"2026-02-23T15:42:57","modified_gmt":"2026-02-23T15:42:57","slug":"taller-de-guion","status":"publish","type":"page","link":"https:\/\/biblioargentina.gob.ar\/web\/taller-de-guion\/","title":{"rendered":"Taller de gui\u00f3n"},"content":{"rendered":"\n<div class=\"wp-block-media-text is-stacked-on-mobile is-vertically-aligned-top\"><figure class=\"wp-block-media-text__media\"><img loading=\"lazy\" decoding=\"async\" width=\"400\" height=\"289\" src=\"https:\/\/biblioargentina.gob.ar\/web\/wp-content\/uploads\/2026\/02\/Taller-de-guion.png\" alt=\"\" class=\"wp-image-21965 size-full\" srcset=\"https:\/\/biblioargentina.gob.ar\/web\/wp-content\/uploads\/2026\/02\/Taller-de-guion.png 400w, https:\/\/biblioargentina.gob.ar\/web\/wp-content\/uploads\/2026\/02\/Taller-de-guion-300x217.png 300w\" sizes=\"auto, (max-width: 400px) 100vw, 400px\" \/><\/figure><div class=\"wp-block-media-text__content\">\n<p>Es un taller de escritura para construir libretos de cortos y largometrajes, programas y series de televisi\u00f3n, de ficci\u00f3n y documentales. Se realizan ejercicios y pr\u00e1cticas profesionales.<br>Se tratar\u00e1n conceptos como idea, sinopsis, argumento, escritura por etapas, conflicto, di\u00e1logo, trama, plantel de personajes, situaciones dram\u00e1ticas, recursos narrativos y resortes dram\u00e1ticos entre otros.<\/p>\n<\/div><\/div>\n\n\n\n<h2 class=\"wp-block-heading\">Coordina<\/h2>\n\n\n\n<p>Profesor Elbio C\u00f3rdoba.<\/p>\n\n\n\n<h2 class=\"wp-block-heading\">Biograf\u00eda personal<\/h2>\n\n\n\n<p>Naci\u00f3 el 20 de Julio de 1962. Es Licenciado en Comunicaci\u00f3n Social y Docente universitario en c\u00e1tedras de Comunicaci\u00f3n Audiovisual. Dicta seminarios de Cine y Filosof\u00eda. Coordina ciclos de cine en instituciones culturales. Trabaj\u00f3 en direcci\u00f3n y producci\u00f3n de distintos programas de radio y televisi\u00f3n. En 2005 public\u00f3 el libro \u201cTaller de gui\u00f3n para cine y televisi\u00f3n\u201d en UNR editora y en 2020 \u201cNaves en llamas\u201d, sobre el cine del siglo veinte.<\/p>\n\n\n\n<h2 class=\"wp-block-heading\">Comienzo<\/h2>\n\n\n\n<p>Lunes 6 de abril a las 14:30 horas.<\/p>\n\n\n\n<h2 class=\"wp-block-heading\">D\u00eda y horario<\/h2>\n\n\n\n<p>Lunes, de 14:30 a 16 h<\/p>\n\n\n\n<h2 class=\"wp-block-heading\">Finalizaci\u00f3n<\/h2>\n\n\n\n<p>Lunes 30 de noviembre.<\/p>\n\n\n\n<h2 class=\"wp-block-heading\">Destinado a<\/h2>\n\n\n\n<p>Personas mayores de 21 a\u00f1os.<\/p>\n\n\n\n<h2 class=\"wp-block-heading\">Cupo<\/h2>\n\n\n\n<p>15 personas.<\/p>\n\n\n\n<h2 class=\"wp-block-heading\">Lugar<\/h2>\n\n\n\n<p>Sala Ang\u00e9lica Gorodischer, ubicada en el 4\u00b0 piso.<\/p>\n\n\n\n<h2 class=\"wp-block-heading\">Inscripci\u00f3n<\/h2>\n\n\n\n<p>Enviar mensaje por WhatsApp antes del 31 de marzo al n\u00famero de tel\u00e9fono 341-5787980.<\/p>\n","protected":false},"excerpt":{"rendered":"<p>Es un taller de escritura para construir libretos de cortos y largometrajes, programas y series de televisi\u00f3n, de ficci\u00f3n y [&hellip;]<\/p>\n","protected":false},"author":5,"featured_media":0,"parent":0,"menu_order":0,"comment_status":"open","ping_status":"closed","template":"","meta":{"site-sidebar-layout":"default","site-content-layout":"","ast-site-content-layout":"default","site-content-style":"default","site-sidebar-style":"default","ast-global-header-display":"","ast-banner-title-visibility":"","ast-main-header-display":"","ast-hfb-above-header-display":"","ast-hfb-below-header-display":"","ast-hfb-mobile-header-display":"","site-post-title":"","ast-breadcrumbs-content":"","ast-featured-img":"","footer-sml-layout":"","ast-disable-related-posts":"","theme-transparent-header-meta":"","adv-header-id-meta":"","stick-header-meta":"","header-above-stick-meta":"","header-main-stick-meta":"","header-below-stick-meta":"","astra-migrate-meta-layouts":"default","ast-page-background-enabled":"default","ast-page-background-meta":{"desktop":{"background-color":"var(--ast-global-color-4)","background-image":"","background-repeat":"repeat","background-position":"center center","background-size":"auto","background-attachment":"scroll","background-type":"","background-media":"","overlay-type":"","overlay-color":"","overlay-opacity":"","overlay-gradient":""},"tablet":{"background-color":"","background-image":"","background-repeat":"repeat","background-position":"center center","background-size":"auto","background-attachment":"scroll","background-type":"","background-media":"","overlay-type":"","overlay-color":"","overlay-opacity":"","overlay-gradient":""},"mobile":{"background-color":"","background-image":"","background-repeat":"repeat","background-position":"center center","background-size":"auto","background-attachment":"scroll","background-type":"","background-media":"","overlay-type":"","overlay-color":"","overlay-opacity":"","overlay-gradient":""}},"ast-content-background-meta":{"desktop":{"background-color":"var(--ast-global-color-5)","background-image":"","background-repeat":"repeat","background-position":"center center","background-size":"auto","background-attachment":"scroll","background-type":"","background-media":"","overlay-type":"","overlay-color":"","overlay-opacity":"","overlay-gradient":""},"tablet":{"background-color":"var(--ast-global-color-5)","background-image":"","background-repeat":"repeat","background-position":"center center","background-size":"auto","background-attachment":"scroll","background-type":"","background-media":"","overlay-type":"","overlay-color":"","overlay-opacity":"","overlay-gradient":""},"mobile":{"background-color":"var(--ast-global-color-5)","background-image":"","background-repeat":"repeat","background-position":"center center","background-size":"auto","background-attachment":"scroll","background-type":"","background-media":"","overlay-type":"","overlay-color":"","overlay-opacity":"","overlay-gradient":""}},"footnotes":""},"class_list":["post-21891","page","type-page","status-publish","hentry"],"_links":{"self":[{"href":"https:\/\/biblioargentina.gob.ar\/web\/wp-json\/wp\/v2\/pages\/21891","targetHints":{"allow":["GET"]}}],"collection":[{"href":"https:\/\/biblioargentina.gob.ar\/web\/wp-json\/wp\/v2\/pages"}],"about":[{"href":"https:\/\/biblioargentina.gob.ar\/web\/wp-json\/wp\/v2\/types\/page"}],"author":[{"embeddable":true,"href":"https:\/\/biblioargentina.gob.ar\/web\/wp-json\/wp\/v2\/users\/5"}],"replies":[{"embeddable":true,"href":"https:\/\/biblioargentina.gob.ar\/web\/wp-json\/wp\/v2\/comments?post=21891"}],"version-history":[{"count":3,"href":"https:\/\/biblioargentina.gob.ar\/web\/wp-json\/wp\/v2\/pages\/21891\/revisions"}],"predecessor-version":[{"id":21966,"href":"https:\/\/biblioargentina.gob.ar\/web\/wp-json\/wp\/v2\/pages\/21891\/revisions\/21966"}],"wp:attachment":[{"href":"https:\/\/biblioargentina.gob.ar\/web\/wp-json\/wp\/v2\/media?parent=21891"}],"curies":[{"name":"wp","href":"https:\/\/api.w.org\/{rel}","templated":true}]}}