{"id":19986,"date":"2025-03-26T12:15:08","date_gmt":"2025-03-26T12:15:08","guid":{"rendered":"https:\/\/biblioargentina.gob.ar\/web\/?page_id=19986"},"modified":"2025-12-19T12:28:51","modified_gmt":"2025-12-19T12:28:51","slug":"leer-y-sembrar-mediacion-lectora-en-huertas-urbanas","status":"publish","type":"page","link":"https:\/\/biblioargentina.gob.ar\/web\/leer-y-sembrar-mediacion-lectora-en-huertas-urbanas\/","title":{"rendered":"\u201cLeer y Sembrar\u201d, mediaci\u00f3n lectora en huertas urbanas"},"content":{"rendered":"\n<figure class=\"wp-block-image size-large\"><a href=\"https:\/\/biblioargentina.gob.ar\/web\/wp-content\/uploads\/2025\/03\/huerta-3.jpg\"><img loading=\"lazy\" decoding=\"async\" width=\"1024\" height=\"683\" src=\"https:\/\/biblioargentina.gob.ar\/web\/wp-content\/uploads\/2025\/03\/huerta-3-1024x683.jpg\" alt=\"\" class=\"wp-image-19987\" srcset=\"https:\/\/biblioargentina.gob.ar\/web\/wp-content\/uploads\/2025\/03\/huerta-3-1024x683.jpg 1024w, https:\/\/biblioargentina.gob.ar\/web\/wp-content\/uploads\/2025\/03\/huerta-3-300x200.jpg 300w, https:\/\/biblioargentina.gob.ar\/web\/wp-content\/uploads\/2025\/03\/huerta-3-768x512.jpg 768w, https:\/\/biblioargentina.gob.ar\/web\/wp-content\/uploads\/2025\/03\/huerta-3.jpg 1160w\" sizes=\"auto, (max-width: 1024px) 100vw, 1024px\" \/><\/a><\/figure>\n\n\n\n<p><strong>Coordinan Mariana Frare y Mariana Terrile.<\/strong><\/p>\n\n\n\n<p>La poes\u00eda de la ciudad llega a las huertas comunitarias para dialogar con el entorno y polinizar con palabras, con ese torrente metaf\u00f3rico y cordial. Las huertas materializan en pulpa viva la fibra de la creaci\u00f3n, todo el poder de la semilla, su pulsi\u00f3n futura. El blanco de la p\u00e1gina, la tierra arada, enriquecida y plantada. En todo proceso creativo hay comienzo, crisis, caos y destrucci\u00f3n pero lo que triunfa es el impulso de una convicci\u00f3n, la de dar algo a alguien, entregar un alimento para \u00f3rganos palpables o para un alma, alimento sagrado y espiritual el producto de un huerto o de un poema. Alpargatas y libros. Un encuentro de mundos distantes pero bien cercanos en su matriz creativa y festiva, todo nacimiento es una celebraci\u00f3n porque anima, y va sobre la esperanza.<\/p>\n\n\n\n<p>La lectura como acto de resistencia para habitar el presente ante la sobrecarga de est\u00edmulos, tambi\u00e9n la huerta nos detiene en un v\u00ednculo ancestral entre el hombre y la tierra. Habitar un tiempo y acercarse a lo anal\u00f3gico, palpar, sentir la vibracion de las hojas, de papel, de las plantas. Tacto y textura, lo que vibra dentro ese flujo de sabia y de saberes, volvernos sabia y sabios entre libros y plantas.<\/p>\n\n\n\n<p>Nos interesa abonar las pol\u00edticas p\u00fablicas de las lecturas que involucren los cruces y disensos, apostando al devenir que es movimiento y novedad, esa pareciera ser la apuesta de los nuevos espacios p\u00fablicos, espacios de resistencia ante lo marcado como irreversible, desacomodando la l\u00f3gica discursiva dominante, el orden ilustrado, la imitaci\u00f3n de modelos establecidos. Apostar por la apertura, los nuevos lazos que desatan, nuevas formas de ver, percibir y sentir, hacer circular de otro modo un orden de realidad, con nuevas intensidades que desarticulen los sentidos imperantes dando lugar a nuevos encuentros. Pensar en un nosotros y hacia la alteridad, hacia otras maneras de lo pol\u00edtico, para estar en el mundo de manera m\u00faltiple, descentrada. Para que la lectura y la literatura se hagan experiencia es necesario, hoy m\u00e1s que nunca, generar posibilidades y herramientas de acceso dialogando con los distintos colectivos para que el conjunto de las pol\u00edticas culturales se transforme en transversalidad y apropiaci\u00f3n.<\/p>\n\n\n\n<p>Pensar pol\u00edticas para promover nuevos modelos de identidad bajo nuevos ideales comunitarios, abrir espacios para que las identidades excluidas puedan participar como verdaderos actores en la esfera p\u00fablica.<\/p>\n\n\n\n<p>Se intenta pensar en las herramientas que dispone un espacio p\u00fablico , &#8211; como huertas ubicadas en toda la ciudad-, acerc\u00e1ndonos a un di\u00e1logo real d\u00f3nde es fundamental entender las tramas simb\u00f3licas del otro, para poder construir desde la interculturalidad ciudadana.<\/p>\n\n\n\n<h2 class=\"wp-block-heading\">Acciones<\/h2>\n\n\n\n<ul class=\"wp-block-list\">\n<li>6 huertas de seis distritos.<\/li>\n\n\n\n<li>6 editoriales.<\/li>\n\n\n\n<li>Lectura en la huerta con colectivos de la zona.<\/li>\n\n\n\n<li>Feria de editoriales y vegetales en el distrito.<\/li>\n\n\n\n<li>Producci\u00f3n, confecci\u00f3n y venta de bolsos en coordinaci\u00f3n con la Escuela de Dise\u00f1o de Indumentaria de la Municipalidad y textos de poetas.<\/li>\n<\/ul>\n","protected":false},"excerpt":{"rendered":"<p>Coordinan Mariana Frare y Mariana Terrile. La poes\u00eda de la ciudad llega a las huertas comunitarias para dialogar con el [&hellip;]<\/p>\n","protected":false},"author":5,"featured_media":0,"parent":0,"menu_order":0,"comment_status":"open","ping_status":"closed","template":"","meta":{"site-sidebar-layout":"default","site-content-layout":"","ast-site-content-layout":"default","site-content-style":"default","site-sidebar-style":"default","ast-global-header-display":"","ast-banner-title-visibility":"","ast-main-header-display":"","ast-hfb-above-header-display":"","ast-hfb-below-header-display":"","ast-hfb-mobile-header-display":"","site-post-title":"","ast-breadcrumbs-content":"","ast-featured-img":"","footer-sml-layout":"","ast-disable-related-posts":"","theme-transparent-header-meta":"","adv-header-id-meta":"","stick-header-meta":"","header-above-stick-meta":"","header-main-stick-meta":"","header-below-stick-meta":"","astra-migrate-meta-layouts":"default","ast-page-background-enabled":"default","ast-page-background-meta":{"desktop":{"background-color":"var(--ast-global-color-4)","background-image":"","background-repeat":"repeat","background-position":"center center","background-size":"auto","background-attachment":"scroll","background-type":"","background-media":"","overlay-type":"","overlay-color":"","overlay-opacity":"","overlay-gradient":""},"tablet":{"background-color":"","background-image":"","background-repeat":"repeat","background-position":"center center","background-size":"auto","background-attachment":"scroll","background-type":"","background-media":"","overlay-type":"","overlay-color":"","overlay-opacity":"","overlay-gradient":""},"mobile":{"background-color":"","background-image":"","background-repeat":"repeat","background-position":"center center","background-size":"auto","background-attachment":"scroll","background-type":"","background-media":"","overlay-type":"","overlay-color":"","overlay-opacity":"","overlay-gradient":""}},"ast-content-background-meta":{"desktop":{"background-color":"var(--ast-global-color-5)","background-image":"","background-repeat":"repeat","background-position":"center center","background-size":"auto","background-attachment":"scroll","background-type":"","background-media":"","overlay-type":"","overlay-color":"","overlay-opacity":"","overlay-gradient":""},"tablet":{"background-color":"var(--ast-global-color-5)","background-image":"","background-repeat":"repeat","background-position":"center center","background-size":"auto","background-attachment":"scroll","background-type":"","background-media":"","overlay-type":"","overlay-color":"","overlay-opacity":"","overlay-gradient":""},"mobile":{"background-color":"var(--ast-global-color-5)","background-image":"","background-repeat":"repeat","background-position":"center center","background-size":"auto","background-attachment":"scroll","background-type":"","background-media":"","overlay-type":"","overlay-color":"","overlay-opacity":"","overlay-gradient":""}},"footnotes":""},"class_list":["post-19986","page","type-page","status-publish","hentry"],"_links":{"self":[{"href":"https:\/\/biblioargentina.gob.ar\/web\/wp-json\/wp\/v2\/pages\/19986","targetHints":{"allow":["GET"]}}],"collection":[{"href":"https:\/\/biblioargentina.gob.ar\/web\/wp-json\/wp\/v2\/pages"}],"about":[{"href":"https:\/\/biblioargentina.gob.ar\/web\/wp-json\/wp\/v2\/types\/page"}],"author":[{"embeddable":true,"href":"https:\/\/biblioargentina.gob.ar\/web\/wp-json\/wp\/v2\/users\/5"}],"replies":[{"embeddable":true,"href":"https:\/\/biblioargentina.gob.ar\/web\/wp-json\/wp\/v2\/comments?post=19986"}],"version-history":[{"count":4,"href":"https:\/\/biblioargentina.gob.ar\/web\/wp-json\/wp\/v2\/pages\/19986\/revisions"}],"predecessor-version":[{"id":21738,"href":"https:\/\/biblioargentina.gob.ar\/web\/wp-json\/wp\/v2\/pages\/19986\/revisions\/21738"}],"wp:attachment":[{"href":"https:\/\/biblioargentina.gob.ar\/web\/wp-json\/wp\/v2\/media?parent=19986"}],"curies":[{"name":"wp","href":"https:\/\/api.w.org\/{rel}","templated":true}]}}