{"id":19702,"date":"2025-02-11T12:40:26","date_gmt":"2025-02-11T12:40:26","guid":{"rendered":"https:\/\/biblioargentina.gob.ar\/web\/?page_id=19702"},"modified":"2025-02-13T10:44:09","modified_gmt":"2025-02-13T10:44:09","slug":"la-casa-imaginada","status":"publish","type":"page","link":"https:\/\/biblioargentina.gob.ar\/web\/la-casa-imaginada\/","title":{"rendered":"La Casa Imaginada"},"content":{"rendered":"\n<p>La Casa Imaginada es el espacio de la Biblioteca Argentina Dr. Juan \u00c1lvarez destinado a las infancias y juventudes.<\/p>\n\n\n\n<figure class=\"wp-block-image alignwide size-full\"><img loading=\"lazy\" decoding=\"async\" width=\"400\" height=\"289\" src=\"https:\/\/biblioargentina.gob.ar\/web\/wp-content\/uploads\/2024\/06\/imagen-para-noticias-y-agenda-casa-imaginada.png\" alt=\"En primer plano de la foto se observa una tarjeta de presentaci\u00f3n, sostenida por la mano izquierda de una mujer, en la cual puede leerse: &quot;LA CASA IMAGINADA. BIBLIOTECA P\u00daBICA PARA TODAS LAS INFANCIAS.&quot; Adem\u00e1s, de fondo y fuera de foco, se encuentran infancias acompa\u00f1adas por personas adultas leyendo y recorriendo uno de los espacios del servicio.\" class=\"wp-image-17837\" srcset=\"https:\/\/biblioargentina.gob.ar\/web\/wp-content\/uploads\/2024\/06\/imagen-para-noticias-y-agenda-casa-imaginada.png 400w, https:\/\/biblioargentina.gob.ar\/web\/wp-content\/uploads\/2024\/06\/imagen-para-noticias-y-agenda-casa-imaginada-300x217.png 300w\" sizes=\"auto, (max-width: 400px) 100vw, 400px\" \/><\/figure>\n\n\n\n<p>En cuanto a sus or\u00edgenes, seg\u00fan registros hist\u00f3ricos de la Biblioteca Argentina, se hab\u00eda destinado un sector para infantes en el a\u00f1o 1930. Desde su creaci\u00f3n, en la biblioteca se han realizado obras (de renovaci\u00f3n y ampliaci\u00f3n) que han ocasionado cambios edilicios. Acompa\u00f1ando los cambios sociales y de usos y costumbres de la sociedad rosarina.<\/p>\n\n\n\n<p>Actualmente, el sector cuenta con juegos de mesa: ajedrez, Brandubh, Senet, Ludus Latrunculurum, etc. los que pueden ser requeridos para jugar. Y, adem\u00e1s, con 12 mil libros (aproximadamente).<\/p>\n\n\n\n<figure class=\"wp-block-gallery has-nested-images columns-default is-cropped wp-block-gallery-1 is-layout-flex wp-block-gallery-is-layout-flex\">\n<figure class=\"wp-block-image size-large\"><a href=\"https:\/\/biblioargentina.gob.ar\/web\/wp-content\/uploads\/2020\/03\/Fotos-La-Casa-Imaginada-con-filtro-2-RECORTADA.jpg\"><img loading=\"lazy\" decoding=\"async\" width=\"796\" height=\"598\" data-id=\"497\" src=\"https:\/\/biblioargentina.gob.ar\/web\/wp-content\/uploads\/2020\/03\/Fotos-La-Casa-Imaginada-con-filtro-2-RECORTADA.jpg\" alt=\"Un juego de ajedrez, con las piezas negras a la izquierda y las blancas a la derecha, sobre una mesa que se encuenta en el espacio de Casa Imaginada.\" class=\"wp-image-497\" srcset=\"https:\/\/biblioargentina.gob.ar\/web\/wp-content\/uploads\/2020\/03\/Fotos-La-Casa-Imaginada-con-filtro-2-RECORTADA.jpg 796w, https:\/\/biblioargentina.gob.ar\/web\/wp-content\/uploads\/2020\/03\/Fotos-La-Casa-Imaginada-con-filtro-2-RECORTADA-300x225.jpg 300w, https:\/\/biblioargentina.gob.ar\/web\/wp-content\/uploads\/2020\/03\/Fotos-La-Casa-Imaginada-con-filtro-2-RECORTADA-768x577.jpg 768w, https:\/\/biblioargentina.gob.ar\/web\/wp-content\/uploads\/2020\/03\/Fotos-La-Casa-Imaginada-con-filtro-2-RECORTADA-720x541.jpg 720w\" sizes=\"auto, (max-width: 796px) 100vw, 796px\" \/><\/a><figcaption class=\"wp-element-caption\">Ajedrez.<\/figcaption><\/figure>\n\n\n\n<figure class=\"wp-block-image size-large\"><a href=\"https:\/\/biblioargentina.gob.ar\/web\/wp-content\/uploads\/2024\/06\/imagen-para-noticias-y-agenda-5.png\"><img loading=\"lazy\" decoding=\"async\" width=\"400\" height=\"289\" data-id=\"17836\" src=\"https:\/\/biblioargentina.gob.ar\/web\/wp-content\/uploads\/2024\/06\/imagen-para-noticias-y-agenda-5.png\" alt=\"Juego Brandubh de la Irlanda medieval.\" class=\"wp-image-17836\" srcset=\"https:\/\/biblioargentina.gob.ar\/web\/wp-content\/uploads\/2024\/06\/imagen-para-noticias-y-agenda-5.png 400w, https:\/\/biblioargentina.gob.ar\/web\/wp-content\/uploads\/2024\/06\/imagen-para-noticias-y-agenda-5-300x217.png 300w\" sizes=\"auto, (max-width: 400px) 100vw, 400px\" \/><\/a><figcaption class=\"wp-element-caption\">Brandubh de la Irlanda medieval.<\/figcaption><\/figure>\n\n\n\n<figure class=\"wp-block-image size-large\"><a href=\"https:\/\/biblioargentina.gob.ar\/web\/wp-content\/uploads\/2024\/07\/imagen-juegos-ancestrales.png\"><img loading=\"lazy\" decoding=\"async\" width=\"400\" height=\"289\" data-id=\"17891\" src=\"https:\/\/biblioargentina.gob.ar\/web\/wp-content\/uploads\/2024\/07\/imagen-juegos-ancestrales.png\" alt=\"Ludus Latrunculorum romano.\" class=\"wp-image-17891\" srcset=\"https:\/\/biblioargentina.gob.ar\/web\/wp-content\/uploads\/2024\/07\/imagen-juegos-ancestrales.png 400w, https:\/\/biblioargentina.gob.ar\/web\/wp-content\/uploads\/2024\/07\/imagen-juegos-ancestrales-300x217.png 300w\" sizes=\"auto, (max-width: 400px) 100vw, 400px\" \/><\/a><figcaption class=\"wp-element-caption\">Ludus Latrunculorum romano.<\/figcaption><\/figure>\n<\/figure>\n\n\n\n<p>Las y los bibliotecarios asesoran y recomiendan en temas de inter\u00e9s para leer libros en el lugar o llevarlos a domicilio de forma gratuita (para esto \u00faltimo es necesario estar asociada y asociado a la Biblioteca Argentina).<\/p>\n\n\n\n<p>Las ni\u00f1as y ni\u00f1os de primera infancia pueden habitar el sector destinado para su edad donde se encontrar\u00e1n con almohadones y mu\u00f1ecos. Para que sus acompa\u00f1antes les puedan leer un libro.<\/p>\n\n\n\n<figure class=\"wp-block-gallery has-nested-images columns-default is-cropped wp-block-gallery-2 is-layout-flex wp-block-gallery-is-layout-flex\">\n<figure class=\"wp-block-image size-large\"><a href=\"https:\/\/biblioargentina.gob.ar\/web\/wp-content\/uploads\/2022\/03\/Fotos-La-Casa-Imaginada-1.jpeg\"><img loading=\"lazy\" decoding=\"async\" width=\"1024\" height=\"461\" data-id=\"8100\" src=\"https:\/\/biblioargentina.gob.ar\/web\/wp-content\/uploads\/2022\/03\/Fotos-La-Casa-Imaginada-1-1024x461.jpeg\" alt=\"\" class=\"wp-image-8100\" srcset=\"https:\/\/biblioargentina.gob.ar\/web\/wp-content\/uploads\/2022\/03\/Fotos-La-Casa-Imaginada-1-1024x461.jpeg 1024w, https:\/\/biblioargentina.gob.ar\/web\/wp-content\/uploads\/2022\/03\/Fotos-La-Casa-Imaginada-1-300x135.jpeg 300w, https:\/\/biblioargentina.gob.ar\/web\/wp-content\/uploads\/2022\/03\/Fotos-La-Casa-Imaginada-1-768x346.jpeg 768w, https:\/\/biblioargentina.gob.ar\/web\/wp-content\/uploads\/2022\/03\/Fotos-La-Casa-Imaginada-1-1536x691.jpeg 1536w, https:\/\/biblioargentina.gob.ar\/web\/wp-content\/uploads\/2022\/03\/Fotos-La-Casa-Imaginada-1-720x324.jpeg 720w, https:\/\/biblioargentina.gob.ar\/web\/wp-content\/uploads\/2022\/03\/Fotos-La-Casa-Imaginada-1.jpeg 1600w\" sizes=\"auto, (max-width: 1024px) 100vw, 1024px\" \/><\/a><\/figure>\n\n\n\n<figure class=\"wp-block-image size-large\"><a href=\"https:\/\/biblioargentina.gob.ar\/web\/wp-content\/uploads\/2022\/03\/Fotos-La-Casa-Imaginada-4.jpeg\"><img loading=\"lazy\" decoding=\"async\" width=\"1024\" height=\"461\" data-id=\"8103\" src=\"https:\/\/biblioargentina.gob.ar\/web\/wp-content\/uploads\/2022\/03\/Fotos-La-Casa-Imaginada-4-1024x461.jpeg\" alt=\"Marcamos memoria.\" class=\"wp-image-8103\" srcset=\"https:\/\/biblioargentina.gob.ar\/web\/wp-content\/uploads\/2022\/03\/Fotos-La-Casa-Imaginada-4-1024x461.jpeg 1024w, https:\/\/biblioargentina.gob.ar\/web\/wp-content\/uploads\/2022\/03\/Fotos-La-Casa-Imaginada-4-300x135.jpeg 300w, https:\/\/biblioargentina.gob.ar\/web\/wp-content\/uploads\/2022\/03\/Fotos-La-Casa-Imaginada-4-768x346.jpeg 768w, https:\/\/biblioargentina.gob.ar\/web\/wp-content\/uploads\/2022\/03\/Fotos-La-Casa-Imaginada-4-1536x691.jpeg 1536w, https:\/\/biblioargentina.gob.ar\/web\/wp-content\/uploads\/2022\/03\/Fotos-La-Casa-Imaginada-4-720x324.jpeg 720w, https:\/\/biblioargentina.gob.ar\/web\/wp-content\/uploads\/2022\/03\/Fotos-La-Casa-Imaginada-4.jpeg 1600w\" sizes=\"auto, (max-width: 1024px) 100vw, 1024px\" \/><\/a><\/figure>\n\n\n\n<figure class=\"wp-block-image size-large\"><a href=\"https:\/\/biblioargentina.gob.ar\/web\/wp-content\/uploads\/2021\/11\/Foto-Reapertura-La-Casa-Imaginada-6-scaled.jpg\"><img loading=\"lazy\" decoding=\"async\" width=\"1024\" height=\"1024\" data-id=\"6489\" src=\"https:\/\/biblioargentina.gob.ar\/web\/wp-content\/uploads\/2021\/11\/Foto-Reapertura-La-Casa-Imaginada-6-1024x1024.jpg\" alt=\"La Casa Imaginada.\" class=\"wp-image-6489\" srcset=\"https:\/\/biblioargentina.gob.ar\/web\/wp-content\/uploads\/2021\/11\/Foto-Reapertura-La-Casa-Imaginada-6-1024x1024.jpg 1024w, https:\/\/biblioargentina.gob.ar\/web\/wp-content\/uploads\/2021\/11\/Foto-Reapertura-La-Casa-Imaginada-6-300x300.jpg 300w, https:\/\/biblioargentina.gob.ar\/web\/wp-content\/uploads\/2021\/11\/Foto-Reapertura-La-Casa-Imaginada-6-150x150.jpg 150w, https:\/\/biblioargentina.gob.ar\/web\/wp-content\/uploads\/2021\/11\/Foto-Reapertura-La-Casa-Imaginada-6-768x768.jpg 768w, https:\/\/biblioargentina.gob.ar\/web\/wp-content\/uploads\/2021\/11\/Foto-Reapertura-La-Casa-Imaginada-6-1536x1536.jpg 1536w, https:\/\/biblioargentina.gob.ar\/web\/wp-content\/uploads\/2021\/11\/Foto-Reapertura-La-Casa-Imaginada-6-2048x2048.jpg 2048w, https:\/\/biblioargentina.gob.ar\/web\/wp-content\/uploads\/2021\/11\/Foto-Reapertura-La-Casa-Imaginada-6-720x720.jpg 720w, https:\/\/biblioargentina.gob.ar\/web\/wp-content\/uploads\/2021\/11\/Foto-Reapertura-La-Casa-Imaginada-6-360x360.jpg 360w\" sizes=\"auto, (max-width: 1024px) 100vw, 1024px\" \/><\/a><\/figure>\n<\/figure>\n\n\n\n<p>En el espacio tambi\u00e9n se realizan presentaciones de libros y distintas actividades culturales.<\/p>\n\n\n\n<h2 class=\"wp-block-heading\">Horario<\/h2>\n\n\n\n<p>Lunes a viernes de 8 a 18:30 y s\u00e1bados de 9 a 13:30 h.<\/p>\n\n\n\n<h2 class=\"wp-block-heading\">Ingreso<\/h2>\n\n\n\n<p>Por calle Santa Fe 1553.<\/p>\n\n\n\n<h2 class=\"wp-block-heading\">Contacto<\/h2>\n\n\n\n<p>Comun\u00edquese directamente v\u00eda correo electr\u00f3nico a&nbsp;<a href=\"mailto:casaimaginada@rosario.gov.ar\">casaimaginada@rosario.gov.ar<\/a>. Y telef\u00f3nicamente a los n\u00fameros de tel\u00e9fono 4802731 \/ 4802701, internos 2141 y 2142.<\/p>\n\n\n\n<div class=\"wp-block-media-text has-media-on-the-right is-stacked-on-mobile is-vertically-aligned-center is-style-default\" style=\"grid-template-columns:auto 56%\"><div class=\"wp-block-media-text__content\">\n<h2 class=\"wp-block-heading has-text-color\" style=\"color:#000000\"><a href=\"https:\/\/biblioargentina.gob.ar\/web\/tramite-para-asociarse\/\" data-type=\"page\" data-id=\"1374\">Tr\u00e1mite para asociarse<\/a><\/h2>\n<\/div><figure class=\"wp-block-media-text__media\"><img loading=\"lazy\" decoding=\"async\" width=\"1024\" height=\"1024\" src=\"https:\/\/biblioargentina.gob.ar\/web\/wp-content\/uploads\/2023\/11\/Foto-tramite-para-asociarse-corregida-1024x1024.jpg\" alt=\"Personal de la Biblioteca Argentina sentado con una computadora y c\u00e1mara sobre el mostrador destinado al tr\u00e1mite para asociarse.\" class=\"wp-image-15913 size-full\" srcset=\"https:\/\/biblioargentina.gob.ar\/web\/wp-content\/uploads\/2023\/11\/Foto-tramite-para-asociarse-corregida-1024x1024.jpg 1024w, https:\/\/biblioargentina.gob.ar\/web\/wp-content\/uploads\/2023\/11\/Foto-tramite-para-asociarse-corregida-300x300.jpg 300w, https:\/\/biblioargentina.gob.ar\/web\/wp-content\/uploads\/2023\/11\/Foto-tramite-para-asociarse-corregida-150x150.jpg 150w, https:\/\/biblioargentina.gob.ar\/web\/wp-content\/uploads\/2023\/11\/Foto-tramite-para-asociarse-corregida-768x768.jpg 768w, https:\/\/biblioargentina.gob.ar\/web\/wp-content\/uploads\/2023\/11\/Foto-tramite-para-asociarse-corregida-1536x1536.jpg 1536w, https:\/\/biblioargentina.gob.ar\/web\/wp-content\/uploads\/2023\/11\/Foto-tramite-para-asociarse-corregida-2048x2048.jpg 2048w, https:\/\/biblioargentina.gob.ar\/web\/wp-content\/uploads\/2023\/11\/Foto-tramite-para-asociarse-corregida-720x720.jpg 720w, https:\/\/biblioargentina.gob.ar\/web\/wp-content\/uploads\/2023\/11\/Foto-tramite-para-asociarse-corregida-360x360.jpg 360w\" sizes=\"auto, (max-width: 1024px) 100vw, 1024px\" \/><\/figure><\/div>\n\n\n\n<p><\/p>\n","protected":false},"excerpt":{"rendered":"<p>La Casa Imaginada es el espacio de la Biblioteca Argentina Dr. Juan \u00c1lvarez destinado a las infancias y juventudes. En [&hellip;]<\/p>\n","protected":false},"author":5,"featured_media":0,"parent":0,"menu_order":0,"comment_status":"closed","ping_status":"closed","template":"","meta":{"site-sidebar-layout":"default","site-content-layout":"","ast-site-content-layout":"default","site-content-style":"default","site-sidebar-style":"default","ast-global-header-display":"","ast-banner-title-visibility":"","ast-main-header-display":"","ast-hfb-above-header-display":"","ast-hfb-below-header-display":"","ast-hfb-mobile-header-display":"","site-post-title":"","ast-breadcrumbs-content":"","ast-featured-img":"","footer-sml-layout":"","ast-disable-related-posts":"","theme-transparent-header-meta":"","adv-header-id-meta":"","stick-header-meta":"","header-above-stick-meta":"","header-main-stick-meta":"","header-below-stick-meta":"","astra-migrate-meta-layouts":"default","ast-page-background-enabled":"default","ast-page-background-meta":{"desktop":{"background-color":"var(--ast-global-color-4)","background-image":"","background-repeat":"repeat","background-position":"center center","background-size":"auto","background-attachment":"scroll","background-type":"","background-media":"","overlay-type":"","overlay-color":"","overlay-opacity":"","overlay-gradient":""},"tablet":{"background-color":"","background-image":"","background-repeat":"repeat","background-position":"center center","background-size":"auto","background-attachment":"scroll","background-type":"","background-media":"","overlay-type":"","overlay-color":"","overlay-opacity":"","overlay-gradient":""},"mobile":{"background-color":"","background-image":"","background-repeat":"repeat","background-position":"center center","background-size":"auto","background-attachment":"scroll","background-type":"","background-media":"","overlay-type":"","overlay-color":"","overlay-opacity":"","overlay-gradient":""}},"ast-content-background-meta":{"desktop":{"background-color":"var(--ast-global-color-5)","background-image":"","background-repeat":"repeat","background-position":"center center","background-size":"auto","background-attachment":"scroll","background-type":"","background-media":"","overlay-type":"","overlay-color":"","overlay-opacity":"","overlay-gradient":""},"tablet":{"background-color":"var(--ast-global-color-5)","background-image":"","background-repeat":"repeat","background-position":"center center","background-size":"auto","background-attachment":"scroll","background-type":"","background-media":"","overlay-type":"","overlay-color":"","overlay-opacity":"","overlay-gradient":""},"mobile":{"background-color":"var(--ast-global-color-5)","background-image":"","background-repeat":"repeat","background-position":"center center","background-size":"auto","background-attachment":"scroll","background-type":"","background-media":"","overlay-type":"","overlay-color":"","overlay-opacity":"","overlay-gradient":""}},"footnotes":""},"class_list":["post-19702","page","type-page","status-publish","hentry"],"_links":{"self":[{"href":"https:\/\/biblioargentina.gob.ar\/web\/wp-json\/wp\/v2\/pages\/19702","targetHints":{"allow":["GET"]}}],"collection":[{"href":"https:\/\/biblioargentina.gob.ar\/web\/wp-json\/wp\/v2\/pages"}],"about":[{"href":"https:\/\/biblioargentina.gob.ar\/web\/wp-json\/wp\/v2\/types\/page"}],"author":[{"embeddable":true,"href":"https:\/\/biblioargentina.gob.ar\/web\/wp-json\/wp\/v2\/users\/5"}],"replies":[{"embeddable":true,"href":"https:\/\/biblioargentina.gob.ar\/web\/wp-json\/wp\/v2\/comments?post=19702"}],"version-history":[{"count":14,"href":"https:\/\/biblioargentina.gob.ar\/web\/wp-json\/wp\/v2\/pages\/19702\/revisions"}],"predecessor-version":[{"id":20947,"href":"https:\/\/biblioargentina.gob.ar\/web\/wp-json\/wp\/v2\/pages\/19702\/revisions\/20947"}],"wp:attachment":[{"href":"https:\/\/biblioargentina.gob.ar\/web\/wp-json\/wp\/v2\/media?parent=19702"}],"curies":[{"name":"wp","href":"https:\/\/api.w.org\/{rel}","templated":true}]}}