{"id":18623,"date":"2024-09-13T17:28:25","date_gmt":"2024-09-13T17:28:25","guid":{"rendered":"https:\/\/biblioargentina.gob.ar\/web\/?page_id=18623"},"modified":"2026-02-12T15:47:46","modified_gmt":"2026-02-12T15:47:46","slug":"club-de-cuenteras-y-cuenteros","status":"publish","type":"page","link":"https:\/\/biblioargentina.gob.ar\/web\/club-de-cuenteras-y-cuenteros\/","title":{"rendered":"Club de cuenteras y cuenteros"},"content":{"rendered":"\n<p><strong>CUPO COMPLETO.<\/strong><\/p>\n\n\n\n<div class=\"wp-block-media-text alignfull is-stacked-on-mobile is-vertically-aligned-top\"><figure class=\"wp-block-media-text__media\"><img decoding=\"async\" src=\"https:\/\/biblioargentina.gob.ar\/web\/wp-content\/uploads\/2024\/09\/imagen-para-noticias-y-agenda-5.png\" alt=\"\" class=\"wp-image-18624 size-full\"\/><\/figure><div class=\"wp-block-media-text__content\">\n<p><strong>Encuentros para la investigaci\u00f3n y pr\u00e1ctica de la narraci\u00f3n oral.<\/strong><\/p>\n\n\n\n<p>Un espacio de formaci\u00f3n colectiva y horizontal para leer, analizar y debatir. Tambi\u00e9n para la pr\u00e1ctica, el error y el ensayo. Una invitaci\u00f3n a investigar la narraci\u00f3n oral como oficio a partir de la exploraci\u00f3n de diferentes textos te\u00f3ricos. Se descubrir\u00e1n y analizar\u00e1n la obra de narradoras y narradores con a\u00f1os de experiencia.<\/p>\n<\/div><\/div>\n\n\n\n<p class=\"has-white-color has-ast-global-color-0-background-color has-text-color has-background has-link-color wp-elements-016c7a1ab9b22ef245c8a083f98f2eda\"><strong>Comienzo: S\u00e1bado 21 de febrero de 2026, <strong>de 10 a 13 h.<\/strong> Finalizaci\u00f3n: Noviembre (e<strong>ncuentros quincenales).<\/strong><\/strong><\/p>\n\n\n\n<h3 class=\"wp-block-heading\">Coordina:<\/h3>\n\n\n\n<p>Ayel\u00e9n Romero.<\/p>\n\n\n\n<h3 class=\"wp-block-heading\">Destinado a:<\/h3>\n\n\n\n<p>P\u00fablico en general (personas mayores de 18 a\u00f1os).<\/p>\n\n\n\n<p>En la Sala Ang\u00e9lica Gorodischer, ubicada en el cuarto piso.<\/p>\n\n\n\n<h3 class=\"wp-block-heading\">Actividad libre y gratuita.<\/h3>\n\n\n\n<h2 class=\"wp-block-heading\">Inscripci\u00f3n y m\u00e1s informaci\u00f3n<\/h2>\n\n\n\n<p>Le invitamos a escribir a la direcci\u00f3n de correo electr\u00f3nico <a href=\"mailto:aromero3@rosario.gov.ar\">aromero3@rosario.gov.ar<\/a>.<\/p>\n\n\n\n<div style=\"height:30px\" aria-hidden=\"true\" class=\"wp-block-spacer\"><\/div>\n\n\n\n<h2 class=\"wp-block-heading has-text-align-center\">Momentos de 2025<\/h2>\n\n\n\n<figure class=\"wp-block-gallery has-nested-images columns-default is-cropped wp-block-gallery-1 is-layout-flex wp-block-gallery-is-layout-flex\">\n<figure class=\"wp-block-image size-large\"><a href=\"https:\/\/biblioargentina.gob.ar\/web\/wp-content\/uploads\/2025\/12\/Ronda-del-Club-de-Cuenteras-y-Cuenteros-en-la-Sala-Angelica-Gorodischer.jpeg\"><img loading=\"lazy\" decoding=\"async\" width=\"1024\" height=\"768\" data-id=\"21749\" src=\"https:\/\/biblioargentina.gob.ar\/web\/wp-content\/uploads\/2025\/12\/Ronda-del-Club-de-Cuenteras-y-Cuenteros-en-la-Sala-Angelica-Gorodischer-1024x768.jpeg\" alt=\"\" class=\"wp-image-21749\" srcset=\"https:\/\/biblioargentina.gob.ar\/web\/wp-content\/uploads\/2025\/12\/Ronda-del-Club-de-Cuenteras-y-Cuenteros-en-la-Sala-Angelica-Gorodischer-1024x768.jpeg 1024w, https:\/\/biblioargentina.gob.ar\/web\/wp-content\/uploads\/2025\/12\/Ronda-del-Club-de-Cuenteras-y-Cuenteros-en-la-Sala-Angelica-Gorodischer-300x225.jpeg 300w, https:\/\/biblioargentina.gob.ar\/web\/wp-content\/uploads\/2025\/12\/Ronda-del-Club-de-Cuenteras-y-Cuenteros-en-la-Sala-Angelica-Gorodischer-768x576.jpeg 768w, https:\/\/biblioargentina.gob.ar\/web\/wp-content\/uploads\/2025\/12\/Ronda-del-Club-de-Cuenteras-y-Cuenteros-en-la-Sala-Angelica-Gorodischer-1536x1153.jpeg 1536w, https:\/\/biblioargentina.gob.ar\/web\/wp-content\/uploads\/2025\/12\/Ronda-del-Club-de-Cuenteras-y-Cuenteros-en-la-Sala-Angelica-Gorodischer.jpeg 1599w\" sizes=\"auto, (max-width: 1024px) 100vw, 1024px\" \/><\/a><figcaption class=\"wp-element-caption\">Ronda del Club de Cuenteras y Cuenteros en la Sala Ang\u00e9lica Gorodischer.<\/figcaption><\/figure>\n\n\n\n<figure class=\"wp-block-image size-large\"><a href=\"https:\/\/biblioargentina.gob.ar\/web\/wp-content\/uploads\/2025\/12\/Un-dia-de-trabajo-preparando-un-cuento-colectivo.jpeg\"><img loading=\"lazy\" decoding=\"async\" width=\"771\" height=\"1024\" data-id=\"21750\" src=\"https:\/\/biblioargentina.gob.ar\/web\/wp-content\/uploads\/2025\/12\/Un-dia-de-trabajo-preparando-un-cuento-colectivo-771x1024.jpeg\" alt=\"\" class=\"wp-image-21750\" srcset=\"https:\/\/biblioargentina.gob.ar\/web\/wp-content\/uploads\/2025\/12\/Un-dia-de-trabajo-preparando-un-cuento-colectivo-771x1024.jpeg 771w, https:\/\/biblioargentina.gob.ar\/web\/wp-content\/uploads\/2025\/12\/Un-dia-de-trabajo-preparando-un-cuento-colectivo-226x300.jpeg 226w, https:\/\/biblioargentina.gob.ar\/web\/wp-content\/uploads\/2025\/12\/Un-dia-de-trabajo-preparando-un-cuento-colectivo-768x1021.jpeg 768w, https:\/\/biblioargentina.gob.ar\/web\/wp-content\/uploads\/2025\/12\/Un-dia-de-trabajo-preparando-un-cuento-colectivo-1156x1536.jpeg 1156w, https:\/\/biblioargentina.gob.ar\/web\/wp-content\/uploads\/2025\/12\/Un-dia-de-trabajo-preparando-un-cuento-colectivo.jpeg 1204w\" sizes=\"auto, (max-width: 771px) 100vw, 771px\" \/><\/a><figcaption class=\"wp-element-caption\">Un d\u00eda de trabajo preparando un cuento colectivo.<\/figcaption><\/figure>\n\n\n\n<figure class=\"wp-block-image size-large\"><a href=\"https:\/\/biblioargentina.gob.ar\/web\/wp-content\/uploads\/2025\/12\/Participacion-en-una-formacion-con-Maria-Teresa-Andruetto-organizada-por-el-Plan-de-Lectura-Rosario-Lee.jpeg\"><img loading=\"lazy\" decoding=\"async\" width=\"769\" height=\"1024\" data-id=\"21752\" src=\"https:\/\/biblioargentina.gob.ar\/web\/wp-content\/uploads\/2025\/12\/Participacion-en-una-formacion-con-Maria-Teresa-Andruetto-organizada-por-el-Plan-de-Lectura-Rosario-Lee-769x1024.jpeg\" alt=\"\" class=\"wp-image-21752\" srcset=\"https:\/\/biblioargentina.gob.ar\/web\/wp-content\/uploads\/2025\/12\/Participacion-en-una-formacion-con-Maria-Teresa-Andruetto-organizada-por-el-Plan-de-Lectura-Rosario-Lee-769x1024.jpeg 769w, https:\/\/biblioargentina.gob.ar\/web\/wp-content\/uploads\/2025\/12\/Participacion-en-una-formacion-con-Maria-Teresa-Andruetto-organizada-por-el-Plan-de-Lectura-Rosario-Lee-225x300.jpeg 225w, https:\/\/biblioargentina.gob.ar\/web\/wp-content\/uploads\/2025\/12\/Participacion-en-una-formacion-con-Maria-Teresa-Andruetto-organizada-por-el-Plan-de-Lectura-Rosario-Lee-768x1023.jpeg 768w, https:\/\/biblioargentina.gob.ar\/web\/wp-content\/uploads\/2025\/12\/Participacion-en-una-formacion-con-Maria-Teresa-Andruetto-organizada-por-el-Plan-de-Lectura-Rosario-Lee.jpeg 868w\" sizes=\"auto, (max-width: 769px) 100vw, 769px\" \/><\/a><figcaption class=\"wp-element-caption\">Participaci\u00f3n en una formaci\u00f3n con Mar\u00eda Teresa Andruetto organizada por el Plan de Lectura Rosario Lee.<\/figcaption><\/figure>\n\n\n\n<figure class=\"wp-block-image size-large\"><a href=\"https:\/\/biblioargentina.gob.ar\/web\/wp-content\/uploads\/2025\/12\/Vacaciones-de-invierno-en-Casa-Imaginada.jpeg\"><img loading=\"lazy\" decoding=\"async\" width=\"577\" height=\"1024\" data-id=\"21751\" src=\"https:\/\/biblioargentina.gob.ar\/web\/wp-content\/uploads\/2025\/12\/Vacaciones-de-invierno-en-Casa-Imaginada-577x1024.jpeg\" alt=\"\" class=\"wp-image-21751\" srcset=\"https:\/\/biblioargentina.gob.ar\/web\/wp-content\/uploads\/2025\/12\/Vacaciones-de-invierno-en-Casa-Imaginada-577x1024.jpeg 577w, https:\/\/biblioargentina.gob.ar\/web\/wp-content\/uploads\/2025\/12\/Vacaciones-de-invierno-en-Casa-Imaginada-169x300.jpeg 169w, https:\/\/biblioargentina.gob.ar\/web\/wp-content\/uploads\/2025\/12\/Vacaciones-de-invierno-en-Casa-Imaginada-768x1362.jpeg 768w, https:\/\/biblioargentina.gob.ar\/web\/wp-content\/uploads\/2025\/12\/Vacaciones-de-invierno-en-Casa-Imaginada-866x1536.jpeg 866w, https:\/\/biblioargentina.gob.ar\/web\/wp-content\/uploads\/2025\/12\/Vacaciones-de-invierno-en-Casa-Imaginada.jpeg 902w\" sizes=\"auto, (max-width: 577px) 100vw, 577px\" \/><\/a><figcaption class=\"wp-element-caption\">Vacaciones de invierno en Casa Imaginada.<\/figcaption><\/figure>\n\n\n\n<figure class=\"wp-block-image size-large\"><a href=\"https:\/\/biblioargentina.gob.ar\/web\/wp-content\/uploads\/2025\/12\/Contando-cuentos-de-la-Editorial-Municipal-de-Rosario-en-la-Feria-Internacional-del-Libro-Rosario.jpeg\"><img loading=\"lazy\" decoding=\"async\" width=\"1024\" height=\"769\" data-id=\"21748\" src=\"https:\/\/biblioargentina.gob.ar\/web\/wp-content\/uploads\/2025\/12\/Contando-cuentos-de-la-Editorial-Municipal-de-Rosario-en-la-Feria-Internacional-del-Libro-Rosario-1024x769.jpeg\" alt=\"\" class=\"wp-image-21748\" srcset=\"https:\/\/biblioargentina.gob.ar\/web\/wp-content\/uploads\/2025\/12\/Contando-cuentos-de-la-Editorial-Municipal-de-Rosario-en-la-Feria-Internacional-del-Libro-Rosario-1024x769.jpeg 1024w, https:\/\/biblioargentina.gob.ar\/web\/wp-content\/uploads\/2025\/12\/Contando-cuentos-de-la-Editorial-Municipal-de-Rosario-en-la-Feria-Internacional-del-Libro-Rosario-300x225.jpeg 300w, https:\/\/biblioargentina.gob.ar\/web\/wp-content\/uploads\/2025\/12\/Contando-cuentos-de-la-Editorial-Municipal-de-Rosario-en-la-Feria-Internacional-del-Libro-Rosario-768x576.jpeg 768w, https:\/\/biblioargentina.gob.ar\/web\/wp-content\/uploads\/2025\/12\/Contando-cuentos-de-la-Editorial-Municipal-de-Rosario-en-la-Feria-Internacional-del-Libro-Rosario-1536x1153.jpeg 1536w, https:\/\/biblioargentina.gob.ar\/web\/wp-content\/uploads\/2025\/12\/Contando-cuentos-de-la-Editorial-Municipal-de-Rosario-en-la-Feria-Internacional-del-Libro-Rosario.jpeg 1600w\" sizes=\"auto, (max-width: 1024px) 100vw, 1024px\" \/><\/a><figcaption class=\"wp-element-caption\">Contando cuentos de la Editorial Municipal de Rosario en la Feria Internacional del Libro Rosario.<\/figcaption><\/figure>\n\n\n\n<figure class=\"wp-block-image size-large\"><a href=\"https:\/\/biblioargentina.gob.ar\/web\/wp-content\/uploads\/2025\/12\/Cierre-de-ano-contando-cuentos-en-Casa-Imaginada.jpeg\"><img loading=\"lazy\" decoding=\"async\" width=\"1024\" height=\"576\" data-id=\"21747\" src=\"https:\/\/biblioargentina.gob.ar\/web\/wp-content\/uploads\/2025\/12\/Cierre-de-ano-contando-cuentos-en-Casa-Imaginada-1024x576.jpeg\" alt=\"\" class=\"wp-image-21747\" srcset=\"https:\/\/biblioargentina.gob.ar\/web\/wp-content\/uploads\/2025\/12\/Cierre-de-ano-contando-cuentos-en-Casa-Imaginada-1024x576.jpeg 1024w, https:\/\/biblioargentina.gob.ar\/web\/wp-content\/uploads\/2025\/12\/Cierre-de-ano-contando-cuentos-en-Casa-Imaginada-300x169.jpeg 300w, https:\/\/biblioargentina.gob.ar\/web\/wp-content\/uploads\/2025\/12\/Cierre-de-ano-contando-cuentos-en-Casa-Imaginada-768x432.jpeg 768w, https:\/\/biblioargentina.gob.ar\/web\/wp-content\/uploads\/2025\/12\/Cierre-de-ano-contando-cuentos-en-Casa-Imaginada-1536x864.jpeg 1536w, https:\/\/biblioargentina.gob.ar\/web\/wp-content\/uploads\/2025\/12\/Cierre-de-ano-contando-cuentos-en-Casa-Imaginada.jpeg 1600w\" sizes=\"auto, (max-width: 1024px) 100vw, 1024px\" \/><\/a><figcaption class=\"wp-element-caption\">Cierre de a\u00f1o contando cuentos en Casa Imaginada.<\/figcaption><\/figure>\n<\/figure>\n\n\n\n<div style=\"height:30px\" aria-hidden=\"true\" class=\"wp-block-spacer\"><\/div>\n\n\n\n<p><strong>INGRESOS Y ACCESIBILIDAD<br><\/strong>Presidente Roca 731: entrada con elevador.<br>Pasaje Doctor \u00c1lvarez 1550: entrada con rampa.<br>Santa Fe 1553: el ingreso es por escalera.<\/p>\n","protected":false},"excerpt":{"rendered":"<p>CUPO COMPLETO. Encuentros para la investigaci\u00f3n y pr\u00e1ctica de la narraci\u00f3n oral. Un espacio de formaci\u00f3n colectiva y horizontal para [&hellip;]<\/p>\n","protected":false},"author":5,"featured_media":0,"parent":0,"menu_order":0,"comment_status":"open","ping_status":"closed","template":"","meta":{"site-sidebar-layout":"default","site-content-layout":"","ast-site-content-layout":"default","site-content-style":"default","site-sidebar-style":"default","ast-global-header-display":"","ast-banner-title-visibility":"","ast-main-header-display":"","ast-hfb-above-header-display":"","ast-hfb-below-header-display":"","ast-hfb-mobile-header-display":"","site-post-title":"","ast-breadcrumbs-content":"","ast-featured-img":"","footer-sml-layout":"","ast-disable-related-posts":"","theme-transparent-header-meta":"","adv-header-id-meta":"","stick-header-meta":"","header-above-stick-meta":"","header-main-stick-meta":"","header-below-stick-meta":"","astra-migrate-meta-layouts":"default","ast-page-background-enabled":"default","ast-page-background-meta":{"desktop":{"background-color":"var(--ast-global-color-4)","background-image":"","background-repeat":"repeat","background-position":"center center","background-size":"auto","background-attachment":"scroll","background-type":"","background-media":"","overlay-type":"","overlay-color":"","overlay-opacity":"","overlay-gradient":""},"tablet":{"background-color":"","background-image":"","background-repeat":"repeat","background-position":"center center","background-size":"auto","background-attachment":"scroll","background-type":"","background-media":"","overlay-type":"","overlay-color":"","overlay-opacity":"","overlay-gradient":""},"mobile":{"background-color":"","background-image":"","background-repeat":"repeat","background-position":"center center","background-size":"auto","background-attachment":"scroll","background-type":"","background-media":"","overlay-type":"","overlay-color":"","overlay-opacity":"","overlay-gradient":""}},"ast-content-background-meta":{"desktop":{"background-color":"var(--ast-global-color-5)","background-image":"","background-repeat":"repeat","background-position":"center center","background-size":"auto","background-attachment":"scroll","background-type":"","background-media":"","overlay-type":"","overlay-color":"","overlay-opacity":"","overlay-gradient":""},"tablet":{"background-color":"var(--ast-global-color-5)","background-image":"","background-repeat":"repeat","background-position":"center center","background-size":"auto","background-attachment":"scroll","background-type":"","background-media":"","overlay-type":"","overlay-color":"","overlay-opacity":"","overlay-gradient":""},"mobile":{"background-color":"var(--ast-global-color-5)","background-image":"","background-repeat":"repeat","background-position":"center center","background-size":"auto","background-attachment":"scroll","background-type":"","background-media":"","overlay-type":"","overlay-color":"","overlay-opacity":"","overlay-gradient":""}},"footnotes":""},"class_list":["post-18623","page","type-page","status-publish","hentry"],"_links":{"self":[{"href":"https:\/\/biblioargentina.gob.ar\/web\/wp-json\/wp\/v2\/pages\/18623","targetHints":{"allow":["GET"]}}],"collection":[{"href":"https:\/\/biblioargentina.gob.ar\/web\/wp-json\/wp\/v2\/pages"}],"about":[{"href":"https:\/\/biblioargentina.gob.ar\/web\/wp-json\/wp\/v2\/types\/page"}],"author":[{"embeddable":true,"href":"https:\/\/biblioargentina.gob.ar\/web\/wp-json\/wp\/v2\/users\/5"}],"replies":[{"embeddable":true,"href":"https:\/\/biblioargentina.gob.ar\/web\/wp-json\/wp\/v2\/comments?post=18623"}],"version-history":[{"count":26,"href":"https:\/\/biblioargentina.gob.ar\/web\/wp-json\/wp\/v2\/pages\/18623\/revisions"}],"predecessor-version":[{"id":21888,"href":"https:\/\/biblioargentina.gob.ar\/web\/wp-json\/wp\/v2\/pages\/18623\/revisions\/21888"}],"wp:attachment":[{"href":"https:\/\/biblioargentina.gob.ar\/web\/wp-json\/wp\/v2\/media?parent=18623"}],"curies":[{"name":"wp","href":"https:\/\/api.w.org\/{rel}","templated":true}]}}