{"id":17939,"date":"2024-07-05T15:16:38","date_gmt":"2024-07-05T15:16:38","guid":{"rendered":"https:\/\/biblioargentina.gob.ar\/web\/?page_id=17939"},"modified":"2024-08-02T10:28:24","modified_gmt":"2024-08-02T10:28:24","slug":"las-voladoras-de-monica-ojeda","status":"publish","type":"page","link":"https:\/\/biblioargentina.gob.ar\/web\/las-voladoras-de-monica-ojeda\/","title":{"rendered":"Las voladoras, de M\u00f3nica Ojeda"},"content":{"rendered":"<p><img loading=\"lazy\" decoding=\"async\" width=\"400\" height=\"289\" src=\"https:\/\/biblioargentina.gob.ar\/web\/wp-content\/uploads\/2024\/08\/Imagen-para-resenas-foto-de-Monica-Ojeda.png\" alt=\"\" srcset=\"https:\/\/biblioargentina.gob.ar\/web\/wp-content\/uploads\/2024\/08\/Imagen-para-resenas-foto-de-Monica-Ojeda.png 400w, https:\/\/biblioargentina.gob.ar\/web\/wp-content\/uploads\/2024\/08\/Imagen-para-resenas-foto-de-Monica-Ojeda-300x217.png 300w\" sizes=\"auto, (max-width: 400px) 100vw, 400px\" \/>\t\t\t\t\t\t\t\t\t\t\t\t\t<\/p>\n<p><b><strong>Rese\u00f1a de Rosal\u00eda Mondino<\/strong>.<\/b><\/p>\n<p>Las voladoras es un libro breve, de ocho cuentos, de la escritora ecuatoriana M\u00f3nica Ojeda (1988). Su escritura particular nos convoca a introducirnos en lo que la misma autora defini\u00f3 como <i>g\u00f3tico andino<\/i>.<\/p>\n<p>Encontraremos personajes femeninos como protagonistas, con excepci\u00f3n del \u00faltimo. En <i>Las voladoras<\/i>, criaturas aladas vuelan sobre los techos de la casa donde una adolescente ha sido asesinada; en <i>Sangre coagulada<\/i>, una joven disfruta de ver sangre, de olerla, de tomarla; en <i>Cabeza voladora<\/i>, la cabeza de una adolescente asesinada vuela como una pelota y cae en el jard\u00edn vecino donde es recogida por la due\u00f1a de casa; en <i>Caninos<\/i>, a una joven hija le endilgan el cuidado de un padre muy enfermo, que finalmente muere y ella no puede separarse de su dentadura; en <i>Slascher<\/i>, unas hermanas gemelas son ruidistas, participan de festivales de m\u00fasica experimental donde producen ruidos provocadores hasta el paroxismo; en <i>Soroche<\/i>, la relaci\u00f3n cruel entre mujeres sin sororidad; en <i>Terremoto<\/i>, dos hermanas en medio de un sismo arrasador y apocal\u00edptico y en <i>El mundo de arriba y el mundo de abajo<\/i>, un padre quiere recuperar con palabras, a trav\u00e9s de un conjuro, la vida de su hija muerta.<\/p>\n<p>Estamos ante una po\u00e9tica atravesada por una violencia discursiva que narra el dolor, la muerte, la podredumbre, el aborto, lo escatol\u00f3gico y la violencia ejercida sobre las mujeres. Todas las situaciones est\u00e1n inmersas en un marco mitol\u00f3gico que hunde sus ra\u00edces en la cultura andina ecuatoriana, donde la geograf\u00eda de los andes, de los volcanes, de los p\u00e1ramos se transforman en personajes. Los distintos relatos presentan diversas formas de hostilidad y a los personajes no les queda m\u00e1s alternativa que sobrevivir. La relaci\u00f3n v\u00edctima-v\u00edctimario rompe el esquema maniqueo ya que la v\u00edctima se transforma tambi\u00e9n en victimaria. La violencia convierte al violentado en violento.<\/p>\n<p>Quienes se adentren en esta lectura se internar\u00e1n en temas como el aborto, la sangre, el sufrimiento, el abuso, la crueldad de los cercanos, la p\u00e9rdida, la brutalidad, la soledad del violentado, lo extremo y lo siniestro enmarcado en un mundo religioso, m\u00edtico, donde el patriarcado est\u00e1 encarnizado en la visi\u00f3n con que las mujeres perciben el mundo.<\/p>\n<p>En conclusi\u00f3n, la escritura se retuerce sobre s\u00ed misma, no para opacar sino para transparentar aquellos espacios oscuros que no podr\u00edan ser expresados de otra forma.<\/p>\n<p>Sus relatos me produjeron una doble torsi\u00f3n: rechazo y atracci\u00f3n al mismo tiempo. Me sorprendieron, me expulsaron y me volvieron a incluir en su vor\u00e1gine narrativa.<\/p>\n<p><i>Como expresa la autora \u00abLa muerte no es el fin, sino un volver al todo y una continuidad y transformar la materia de una cosa a otra. Un d\u00eda eres una persona, pero ma\u00f1ana eres un \u00e1rbol o eres parte de una flor o lo que sea. Es una visi\u00f3n tambi\u00e9n muy andina. Sobre todo creo que, como trabajo mucho con la violencia, las situaciones que trabajo en mis cuentos, que son muy violentas, me llevan necesariamente a lo primero que se da\u00f1a, el cuerpo, y a eliminar esa falsa dicotom\u00eda entre mente y cuerpo. Todas las heridas del cuerpo son heridas ps\u00edquicas y viceversa. Por eso hay tanta fisicidad: porque cuando uno habla de violencia est\u00e1 hablando necesariamente de cuerpos da\u00f1ados, de cuerpos violentados.\u00bb<\/i><\/p>\n<p><strong>T\u00edtulo:<\/strong> Las voladoras.<\/p>\n<p><strong>Autora:<\/strong> M\u00f3nica Ojeda.<\/p>\n<p><strong>Editorial:<\/strong> P\u00e1ginas de espuma, Madrid, 2021.<\/p>\n<p><strong>P\u00e1ginas:<\/strong> 121.<\/p>\n","protected":false},"excerpt":{"rendered":"<p>Rese\u00f1a de Rosal\u00eda Mondino. Las voladoras es un libro breve, de ocho cuentos, de la escritora ecuatoriana M\u00f3nica Ojeda (1988). [&hellip;]<\/p>\n","protected":false},"author":5,"featured_media":0,"parent":0,"menu_order":0,"comment_status":"closed","ping_status":"closed","template":"","meta":{"site-sidebar-layout":"no-sidebar","site-content-layout":"","ast-site-content-layout":"full-width-container","site-content-style":"default","site-sidebar-style":"default","ast-global-header-display":"","ast-banner-title-visibility":"","ast-main-header-display":"","ast-hfb-above-header-display":"","ast-hfb-below-header-display":"","ast-hfb-mobile-header-display":"","site-post-title":"","ast-breadcrumbs-content":"","ast-featured-img":"disabled","footer-sml-layout":"","ast-disable-related-posts":"","theme-transparent-header-meta":"","adv-header-id-meta":"","stick-header-meta":"","header-above-stick-meta":"","header-main-stick-meta":"","header-below-stick-meta":"","astra-migrate-meta-layouts":"default","ast-page-background-enabled":"default","ast-page-background-meta":{"desktop":{"background-color":"var(--ast-global-color-4)","background-image":"","background-repeat":"repeat","background-position":"center center","background-size":"auto","background-attachment":"scroll","background-type":"","background-media":"","overlay-type":"","overlay-color":"","overlay-opacity":"","overlay-gradient":""},"tablet":{"background-color":"","background-image":"","background-repeat":"repeat","background-position":"center center","background-size":"auto","background-attachment":"scroll","background-type":"","background-media":"","overlay-type":"","overlay-color":"","overlay-opacity":"","overlay-gradient":""},"mobile":{"background-color":"","background-image":"","background-repeat":"repeat","background-position":"center center","background-size":"auto","background-attachment":"scroll","background-type":"","background-media":"","overlay-type":"","overlay-color":"","overlay-opacity":"","overlay-gradient":""}},"ast-content-background-meta":{"desktop":{"background-color":"var(--ast-global-color-5)","background-image":"","background-repeat":"repeat","background-position":"center center","background-size":"auto","background-attachment":"scroll","background-type":"","background-media":"","overlay-type":"","overlay-color":"","overlay-opacity":"","overlay-gradient":""},"tablet":{"background-color":"var(--ast-global-color-5)","background-image":"","background-repeat":"repeat","background-position":"center center","background-size":"auto","background-attachment":"scroll","background-type":"","background-media":"","overlay-type":"","overlay-color":"","overlay-opacity":"","overlay-gradient":""},"mobile":{"background-color":"var(--ast-global-color-5)","background-image":"","background-repeat":"repeat","background-position":"center center","background-size":"auto","background-attachment":"scroll","background-type":"","background-media":"","overlay-type":"","overlay-color":"","overlay-opacity":"","overlay-gradient":""}},"footnotes":""},"class_list":["post-17939","page","type-page","status-publish","hentry"],"_links":{"self":[{"href":"https:\/\/biblioargentina.gob.ar\/web\/wp-json\/wp\/v2\/pages\/17939","targetHints":{"allow":["GET"]}}],"collection":[{"href":"https:\/\/biblioargentina.gob.ar\/web\/wp-json\/wp\/v2\/pages"}],"about":[{"href":"https:\/\/biblioargentina.gob.ar\/web\/wp-json\/wp\/v2\/types\/page"}],"author":[{"embeddable":true,"href":"https:\/\/biblioargentina.gob.ar\/web\/wp-json\/wp\/v2\/users\/5"}],"replies":[{"embeddable":true,"href":"https:\/\/biblioargentina.gob.ar\/web\/wp-json\/wp\/v2\/comments?post=17939"}],"version-history":[{"count":8,"href":"https:\/\/biblioargentina.gob.ar\/web\/wp-json\/wp\/v2\/pages\/17939\/revisions"}],"predecessor-version":[{"id":18144,"href":"https:\/\/biblioargentina.gob.ar\/web\/wp-json\/wp\/v2\/pages\/17939\/revisions\/18144"}],"wp:attachment":[{"href":"https:\/\/biblioargentina.gob.ar\/web\/wp-json\/wp\/v2\/media?parent=17939"}],"curies":[{"name":"wp","href":"https:\/\/api.w.org\/{rel}","templated":true}]}}