{"id":15973,"date":"2023-11-16T13:58:11","date_gmt":"2023-11-16T13:58:11","guid":{"rendered":"https:\/\/biblioargentina.gob.ar\/web\/?page_id=15973"},"modified":"2023-11-21T13:16:40","modified_gmt":"2023-11-21T13:16:40","slug":"asi-hablaba-mi-madre-de-rachid-benzine","status":"publish","type":"page","link":"https:\/\/biblioargentina.gob.ar\/web\/asi-hablaba-mi-madre-de-rachid-benzine\/","title":{"rendered":"As\u00ed hablaba mi madre, de Rachid Benzine"},"content":{"rendered":"<p><img decoding=\"async\" width=\"400\" height=\"289\" src=\"https:\/\/biblioargentina.gob.ar\/web\/wp-content\/uploads\/2023\/11\/Imagen-para-resenas-rachid-benzine.png\" alt=\"\" loading=\"lazy\" srcset=\"https:\/\/biblioargentina.gob.ar\/web\/wp-content\/uploads\/2023\/11\/Imagen-para-resenas-rachid-benzine.png 400w, https:\/\/biblioargentina.gob.ar\/web\/wp-content\/uploads\/2023\/11\/Imagen-para-resenas-rachid-benzine-300x217.png 300w\" sizes=\"auto, (max-width: 400px) 100vw, 400px\" \/>\t\t\t\t\t\t\t\t\t\t\t\t\t\t\t<\/p>\n<p><strong>Rese\u00f1a de <\/strong><strong>Patricia Galli<\/strong><strong>.<\/strong><\/p>\n<p>Un hijo profesor de letras, una madre analfabeta y un libro que los une \u201cLa piel de zapa\u201d de Balzac.<\/p>\n<p>\u201cSeguramente se preguntar\u00e1n qu\u00e9 es lo que hago en el cuarto de mi madre. Yo el profesor de Letras de la Universidad Cat\u00f3lica de Lovaina. Que nunca logr\u00f3 casarse. A la espera, con un libro en la mano, del posible despertar de su progenitora.<\/p>\n<p>A ella le encanta que \u00e9l le lea cuando necesita estar tranquila o por la noche antes de quedarse dormida, siempre la misma novela, La piel de zapa, de Balzac.<\/p>\n<p>\u201cComo una ni\u00f1a que sabe, por haberlo escuchado decenas de veces, que un cuento va a maravillarla o a asustarla\u201d.<\/p>\n<p>Ella se refugia en su voz, \u00e9l en su mirada.<\/p>\n<p>\u00bfQui\u00e9n sostiene a qui\u00e9n?<\/p>\n<p>\u201cDesde hace quince a\u00f1os, la cuido, la cambio, la ba\u00f1o, la visto\u201d.<\/p>\n<p>Desde ese lugar, un hijo soltero, el menor de cinco hermanos, nos cuenta de su renuncia a una vida de matrimonio e hijos para dedicarse al cuidado de su madre, una mujer que transcurre sus d\u00edas postrada en una cama.<\/p>\n<p>Sus padres hab\u00edan salido de Zagora, en Marruecos, a mediados de los a\u00f1os 50 hacia B\u00e9lgica, ninguno de los dos sab\u00eda leer y su madre nunca aprendi\u00f3 a hablar bien franc\u00e9s.<\/p>\n<p>Durante los d\u00edas que se dedica a cuidarla, va recreando diferentes etapas de la vida de su madre, de cu\u00e1nto le cost\u00f3 relacionarse con los dem\u00e1s, de las veces que se sinti\u00f3 humillada y excluida de la sociedad, al mismo tiempo resalta la grandeza como madre de haber dado todo por sus hijos.<\/p>\n<p>Recuerda momentos que nos llevan a la risa, cuando en las charlas con sus hermanos ella mezclaba torpemente bereber, franc\u00e9s y \u00e1rabe, otros donde resalta la verg\u00fcenza de ella por no saber leer ni escribir. Nos habla del entusiasmo de su madre por los programas de m\u00fasica popular de los s\u00e1bados por la noche y de c\u00f3mo uno de sus hermanos se encargaba de comprar la programaci\u00f3n televisiva con anterioridad para complacer su ritual de los s\u00e1bados, cantar a los gritos junto a su cantante preferido, tal vez, con el que mejor aprendi\u00f3 a hablar franc\u00e9s, por esto de cantar a los gritos, est\u00e1 convencido que fue su madre quien invent\u00f3 el karaoke.<\/p>\n<p>Todos los s\u00e1bados, el mismo entusiasmo, el mismo ritual.<\/p>\n<p>Emociones, risas, llantos y el despu\u00e9s, cuando su madre, como dice el autor, de pronto envejeci\u00f3 m\u00e1s r\u00e1pido.<\/p>\n<p>As\u00ed hablaba mi madre es una novela cargada de ternura, en la que conviven la fragilidad y la asistencia.<\/p>\n<p>Un ida y vuelta del coraje, la paciencia, la complicidad, el amor.<\/p>\n<p>\u201cMentir para ocultar una emoci\u00f3n\u201d.<\/p>\n<p>Una mezcla de sentimientos que nos llevan a un lugar en el que muchos de nosotros ya estuvimos. El lugar donde las madres, vuelven a ser ni\u00f1as.<\/p>\n<p>El autor Rachid Benzine, novelista y dramaturgo, naci\u00f3 en Kenitra, Marruecos y desde ni\u00f1o vive en Francia.<\/p>\n<p><strong>T\u00edtulo:<\/strong> As\u00ed hablaba mi madre.<\/p>\n<p><strong>Autor:<\/strong> Rachid Benzine.<\/p>\n<p><strong>Editorial:<\/strong> Edhasa, Barcelona, 2021.<\/p>\n<p><strong>P\u00e1ginas: <\/strong>94.<\/p>\n<p><strong>Traducci\u00f3n:<\/strong> Luc\u00eda Dorin.<\/p>\n","protected":false},"excerpt":{"rendered":"<p>Rese\u00f1a de Patricia Galli. Un hijo profesor de letras, una madre analfabeta y un libro que los une \u201cLa piel [&hellip;]<\/p>\n","protected":false},"author":5,"featured_media":0,"parent":0,"menu_order":0,"comment_status":"open","ping_status":"closed","template":"","meta":{"site-sidebar-layout":"default","site-content-layout":"","ast-site-content-layout":"default","site-content-style":"default","site-sidebar-style":"default","ast-global-header-display":"","ast-banner-title-visibility":"","ast-main-header-display":"","ast-hfb-above-header-display":"","ast-hfb-below-header-display":"","ast-hfb-mobile-header-display":"","site-post-title":"","ast-breadcrumbs-content":"","ast-featured-img":"","footer-sml-layout":"","ast-disable-related-posts":"","theme-transparent-header-meta":"","adv-header-id-meta":"","stick-header-meta":"","header-above-stick-meta":"","header-main-stick-meta":"","header-below-stick-meta":"","astra-migrate-meta-layouts":"default","ast-page-background-enabled":"default","ast-page-background-meta":{"desktop":{"background-color":"var(--ast-global-color-4)","background-image":"","background-repeat":"repeat","background-position":"center center","background-size":"auto","background-attachment":"scroll","background-type":"","background-media":"","overlay-type":"","overlay-color":"","overlay-opacity":"","overlay-gradient":""},"tablet":{"background-color":"","background-image":"","background-repeat":"repeat","background-position":"center center","background-size":"auto","background-attachment":"scroll","background-type":"","background-media":"","overlay-type":"","overlay-color":"","overlay-opacity":"","overlay-gradient":""},"mobile":{"background-color":"","background-image":"","background-repeat":"repeat","background-position":"center center","background-size":"auto","background-attachment":"scroll","background-type":"","background-media":"","overlay-type":"","overlay-color":"","overlay-opacity":"","overlay-gradient":""}},"ast-content-background-meta":{"desktop":{"background-color":"var(--ast-global-color-5)","background-image":"","background-repeat":"repeat","background-position":"center center","background-size":"auto","background-attachment":"scroll","background-type":"","background-media":"","overlay-type":"","overlay-color":"","overlay-opacity":"","overlay-gradient":""},"tablet":{"background-color":"var(--ast-global-color-5)","background-image":"","background-repeat":"repeat","background-position":"center center","background-size":"auto","background-attachment":"scroll","background-type":"","background-media":"","overlay-type":"","overlay-color":"","overlay-opacity":"","overlay-gradient":""},"mobile":{"background-color":"var(--ast-global-color-5)","background-image":"","background-repeat":"repeat","background-position":"center center","background-size":"auto","background-attachment":"scroll","background-type":"","background-media":"","overlay-type":"","overlay-color":"","overlay-opacity":"","overlay-gradient":""}},"footnotes":""},"class_list":["post-15973","page","type-page","status-publish","hentry"],"_links":{"self":[{"href":"https:\/\/biblioargentina.gob.ar\/web\/wp-json\/wp\/v2\/pages\/15973","targetHints":{"allow":["GET"]}}],"collection":[{"href":"https:\/\/biblioargentina.gob.ar\/web\/wp-json\/wp\/v2\/pages"}],"about":[{"href":"https:\/\/biblioargentina.gob.ar\/web\/wp-json\/wp\/v2\/types\/page"}],"author":[{"embeddable":true,"href":"https:\/\/biblioargentina.gob.ar\/web\/wp-json\/wp\/v2\/users\/5"}],"replies":[{"embeddable":true,"href":"https:\/\/biblioargentina.gob.ar\/web\/wp-json\/wp\/v2\/comments?post=15973"}],"version-history":[{"count":15,"href":"https:\/\/biblioargentina.gob.ar\/web\/wp-json\/wp\/v2\/pages\/15973\/revisions"}],"predecessor-version":[{"id":16556,"href":"https:\/\/biblioargentina.gob.ar\/web\/wp-json\/wp\/v2\/pages\/15973\/revisions\/16556"}],"wp:attachment":[{"href":"https:\/\/biblioargentina.gob.ar\/web\/wp-json\/wp\/v2\/media?parent=15973"}],"curies":[{"name":"wp","href":"https:\/\/api.w.org\/{rel}","templated":true}]}}