{"id":1374,"date":"2020-10-30T14:12:02","date_gmt":"2020-10-30T14:12:02","guid":{"rendered":"https:\/\/biblioargentina.gob.ar\/web\/?page_id=1374"},"modified":"2026-02-09T13:13:43","modified_gmt":"2026-02-09T13:13:43","slug":"tramite-para-asociarse","status":"publish","type":"page","link":"https:\/\/biblioargentina.gob.ar\/web\/tramite-para-asociarse\/","title":{"rendered":"Tr\u00e1mite para asociarse"},"content":{"rendered":"\n<p>La tr\u00e1mitaci\u00f3n puede realizarse presencialmente en el sector de <a href=\"https:\/\/biblioargentina.gob.ar\/web\/prestamo-de-libros\/\" data-type=\"link\" data-id=\"https:\/\/biblioargentina.gob.ar\/web\/prestamo-de-libros\/\">Pr\u00e9stamo de libros<\/a> y virtualmente. El \u00fanico requisito es residir en Rosario, Granadero Baigorria, Capit\u00e1n Berm\u00fadez, Ibarlucea, Funes, Rold\u00e1n, P\u00e9rez, Zavalla, Soldini, Villa Gobernador G\u00e1lvez y Alvear.<\/p>\n\n\n\n<figure class=\"wp-block-image aligncenter\"><img decoding=\"async\" src=\"https:\/\/biblioargentina.gob.ar\/web\/wp-content\/uploads\/2023\/11\/Foto-tramite-para-asociarse-corregida-1024x1024.jpg\" alt=\"Personal de la Biblioteca Argentina sentado con una computadora y c\u00e1mara sobre el mostrador destinado al tr\u00e1mite para asociarse.\"\/><\/figure>\n\n\n\n<h2 class=\"wp-block-heading\">Presencial<\/h2>\n\n\n\n<h3 class=\"wp-block-heading\">Para mayores de 18 a\u00f1os<\/h3>\n\n\n\n<h4 class=\"wp-block-heading\">La o el solicitante debe:<\/h4>\n\n\n\n<p>&#8211; Exhibir Documento Nacional de Identidad (DNI) original.<br>&#8211; Mostrar un impuesto o servicio actual, o contrato de alquiler cuyo domicilio coincida con el registrado en el DNI (TGI, API, EPE, Gas, resumen de tarjeta de cr\u00e9dito, etc.).<\/p>\n\n\n\n<ul class=\"wp-block-list\">\n<li><strong><em>Contacto alternativo (aval)<\/em><\/strong><\/li>\n<\/ul>\n\n\n\n<p>&#8211; Exhibir un impuesto o servicio actual y fotocopia del DNI de un contacto alternativo.<strong><em> Aclaraci\u00f3n: <\/em><\/strong>este \u00faltimo no debe convivir ni tener el mismo domicilio que la o el solicitante. No es necesario que el aval se presente en el momento de realizar la inscripci\u00f3n (el requisito para serlo es residir en Rosario).<\/p>\n\n\n\n<h3 class=\"wp-block-heading\">Para menores de 18 a\u00f1os<\/h3>\n\n\n\n<p>&#8211; Exhibici\u00f3n del DNI original.<br>&#8211; Concurrir con padre, madre, tutor o encargado que deber\u00e1 presentar DNI y un impuesto o servicio actual (TGI, API, EPE, Gas, resumen de tarjeta de cr\u00e9dito o contrato de alquiler) cuyo domicilio coincida con el del DNI.<\/p>\n\n\n\n<h2 class=\"wp-block-heading\">Virtual<\/h2>\n\n\n\n<p>Completar los datos de quien solicita y de un contacto alternativo en el <a href=\"https:\/\/biblio1.rosario.gob.ar\/cgi-bin\/koha\/opac-memberentry.pl\" target=\"_blank\" rel=\"noopener\">formulario en l\u00ednea<\/a>.<\/p>\n\n\n\n<p>Y, luego, enviar los siguientes documentos digitales a la direcci\u00f3n de correo electr\u00f3nico: <a href=\"mailto:prestamobiblioa@rosario.gov.ar\">prestamobiblioa@rosario.gov.ar<\/a>:<\/p>\n\n\n\n<ul class=\"wp-block-list\">\n<li>Foto del frente y dorso del DNI.<\/li>\n\n\n\n<li>Foto tipo carnet de la o el solicitante.<\/li>\n\n\n\n<li>Un recibo de impuesto o servicio (actual) o contrato de alquiler donde el domicilio del mismo coincida con el domicilio del DNI de la o el solicitante. Por ejemplo, TGI (Tasa General de Inmuebles), API (Impuesto Inmobilario), EPE (Empresa Provincial de la Energ\u00eda), Gas y\/o Resumen de tarjeta de cr\u00e9dito.<\/li>\n<\/ul>\n\n\n\n<p><strong>Aval:<\/strong><\/p>\n\n\n\n<ul class=\"wp-block-list\">\n<li>Foto del frente y dorso del DNI de un aval (el aval debe residir en Rosario).<\/li>\n\n\n\n<li>Un recibo de impuesto o servicio (actual) o contrato de alquiler donde el domicilio coincida con el del DNI. Ejemplos v\u00e1lidos:<br>o TGI (Tasa General de Inmuebles).<br>o API (Impuesto Inmobiliario).<br>o EPE (Empresa Provincial de la Energ\u00eda).<br>o Gas.<br>o Resumen de tarjeta de cr\u00e9dito.<\/li>\n<\/ul>\n\n\n\n<div style=\"height:30px\" aria-hidden=\"true\" class=\"wp-block-spacer\"><\/div>\n\n\n\n<h3 class=\"wp-block-heading\">Aviso importante<\/h3>\n\n\n\n<p>Las solicitudes que no incluyan la totalidad de la documentaci\u00f3n detallada ser\u00e1n rechazadas autom\u00e1ticamente. Asegurarse de cumplir con todos los requisitos antes de enviarla para evitar demoras o la denegaci\u00f3n de la solicitud.<\/p>\n\n\n\n<h2 class=\"wp-block-heading\">Beneficios del Carnet Unificado<\/h2>\n\n\n\n<p>Solicitar el pr\u00e9stamo de libros a domicilio. Y permite ser utilizado en las siguientes bibliotecas de la red: Biblioteca P\u00fablica Municipal Jos\u00e9 Manuel Estrada y en la Biblioteca del Museo de la Memoria.<\/p>\n\n\n\n<p>Adem\u00e1s, contar\u00e1 con una cuenta de usuaria o usuario, con la cual podr\u00e1 ver sus datos personales, historial de pr\u00e9stamos, libros vencidos, etc.<\/p>\n\n\n\n<p>La renovaci\u00f3n del mencionado carnet se realiza en la instituci\u00f3n.&nbsp;<\/p>\n\n\n\n<p><strong>El tr\u00e1mite es gratuito.<\/strong><\/p>\n\n\n\n<h1 class=\"wp-block-heading\">Contacto<\/h1>\n\n\n\n<p>Comun\u00edquese directamente con personal del servicio de <a href=\"https:\/\/biblioargentina.gob.ar\/web\/prestamo-de-libros\/\" data-type=\"link\" data-id=\"https:\/\/biblioargentina.gob.ar\/web\/prestamo-de-libros\/\">Pr\u00e9stamo de libros<\/a> v\u00eda correo electr\u00f3nico a <a href=\"mailto:prestamobiblioa@rosario.gov.ar\">prestamobiblioa@rosario.gov.ar<\/a>.<\/p>\n\n\n\n<div style=\"height:30px\" aria-hidden=\"true\" class=\"wp-block-spacer\"><\/div>\n\n\n\n<div class=\"wp-block-cover alignfull is-light\" style=\"min-height:100vh;aspect-ratio:unset;\"><span aria-hidden=\"true\" class=\"wp-block-cover__background has-background-dim-100 has-background-dim\" style=\"background-color:#ffffff\"><\/span><div class=\"wp-block-cover__inner-container is-layout-flow wp-block-cover-is-layout-flow\">\n<div class=\"wp-block-media-text alignwide is-stacked-on-mobile is-vertically-aligned-center is-image-fill-element\" style=\"grid-template-columns:56% auto\"><figure class=\"wp-block-media-text__media\"><img loading=\"lazy\" decoding=\"async\" width=\"1024\" height=\"1024\" src=\"https:\/\/biblioargentina.gob.ar\/web\/wp-content\/uploads\/2023\/09\/Entrada-corregida-1024x1024.jpg\" alt=\"Foto de la entrada antigua de la Biblioteca Argentina Dr. Juan \u00c1lvarez.\" class=\"wp-image-15344 size-full\" style=\"object-position:17% 21%\" srcset=\"https:\/\/biblioargentina.gob.ar\/web\/wp-content\/uploads\/2023\/09\/Entrada-corregida-1024x1024.jpg 1024w, https:\/\/biblioargentina.gob.ar\/web\/wp-content\/uploads\/2023\/09\/Entrada-corregida-300x300.jpg 300w, https:\/\/biblioargentina.gob.ar\/web\/wp-content\/uploads\/2023\/09\/Entrada-corregida-150x150.jpg 150w, https:\/\/biblioargentina.gob.ar\/web\/wp-content\/uploads\/2023\/09\/Entrada-corregida-768x768.jpg 768w, https:\/\/biblioargentina.gob.ar\/web\/wp-content\/uploads\/2023\/09\/Entrada-corregida-1536x1536.jpg 1536w, https:\/\/biblioargentina.gob.ar\/web\/wp-content\/uploads\/2023\/09\/Entrada-corregida-2048x2048.jpg 2048w, https:\/\/biblioargentina.gob.ar\/web\/wp-content\/uploads\/2023\/09\/Entrada-corregida-720x720.jpg 720w, https:\/\/biblioargentina.gob.ar\/web\/wp-content\/uploads\/2023\/09\/Entrada-corregida-360x360.jpg 360w\" sizes=\"auto, (max-width: 1024px) 100vw, 1024px\" \/><\/figure><div class=\"wp-block-media-text__content\">\n<h2 class=\"wp-block-heading has-text-color\" style=\"color:#000000;font-size:32px\"><strong>Visite el sector de Pr\u00e9stamo de libros<\/strong><\/h2>\n\n\n\n<p class=\"has-text-color\" style=\"color:#000000;font-size:17px\"><\/p>\n\n\n\n<div class=\"wp-block-buttons is-layout-flex wp-block-buttons-is-layout-flex\">\n<div class=\"wp-block-button is-style-fill\"><a class=\"wp-block-button__link wp-element-button\" href=\"https:\/\/biblioargentina.gob.ar\/web\/prestamo-de-libros\/\">Acceda<\/a><\/div>\n<\/div>\n<\/div><\/div>\n<\/div><\/div>\n","protected":false},"excerpt":{"rendered":"<p>La tr\u00e1mitaci\u00f3n puede realizarse presencialmente en el sector de Pr\u00e9stamo de libros y virtualmente. El \u00fanico requisito es residir en [&hellip;]<\/p>\n","protected":false},"author":5,"featured_media":0,"parent":0,"menu_order":0,"comment_status":"closed","ping_status":"closed","template":"","meta":{"site-sidebar-layout":"default","site-content-layout":"","ast-site-content-layout":"default","site-content-style":"default","site-sidebar-style":"default","ast-global-header-display":"","ast-banner-title-visibility":"","ast-main-header-display":"","ast-hfb-above-header-display":"","ast-hfb-below-header-display":"","ast-hfb-mobile-header-display":"","site-post-title":"","ast-breadcrumbs-content":"","ast-featured-img":"","footer-sml-layout":"","ast-disable-related-posts":"","theme-transparent-header-meta":"","adv-header-id-meta":"","stick-header-meta":"","header-above-stick-meta":"","header-main-stick-meta":"","header-below-stick-meta":"","astra-migrate-meta-layouts":"default","ast-page-background-enabled":"default","ast-page-background-meta":{"desktop":{"background-color":"var(--ast-global-color-4)","background-image":"","background-repeat":"repeat","background-position":"center center","background-size":"auto","background-attachment":"scroll","background-type":"","background-media":"","overlay-type":"","overlay-color":"","overlay-opacity":"","overlay-gradient":""},"tablet":{"background-color":"","background-image":"","background-repeat":"repeat","background-position":"center center","background-size":"auto","background-attachment":"scroll","background-type":"","background-media":"","overlay-type":"","overlay-color":"","overlay-opacity":"","overlay-gradient":""},"mobile":{"background-color":"","background-image":"","background-repeat":"repeat","background-position":"center center","background-size":"auto","background-attachment":"scroll","background-type":"","background-media":"","overlay-type":"","overlay-color":"","overlay-opacity":"","overlay-gradient":""}},"ast-content-background-meta":{"desktop":{"background-color":"var(--ast-global-color-5)","background-image":"","background-repeat":"repeat","background-position":"center center","background-size":"auto","background-attachment":"scroll","background-type":"","background-media":"","overlay-type":"","overlay-color":"","overlay-opacity":"","overlay-gradient":""},"tablet":{"background-color":"var(--ast-global-color-5)","background-image":"","background-repeat":"repeat","background-position":"center center","background-size":"auto","background-attachment":"scroll","background-type":"","background-media":"","overlay-type":"","overlay-color":"","overlay-opacity":"","overlay-gradient":""},"mobile":{"background-color":"var(--ast-global-color-5)","background-image":"","background-repeat":"repeat","background-position":"center center","background-size":"auto","background-attachment":"scroll","background-type":"","background-media":"","overlay-type":"","overlay-color":"","overlay-opacity":"","overlay-gradient":""}},"footnotes":""},"class_list":["post-1374","page","type-page","status-publish","hentry"],"_links":{"self":[{"href":"https:\/\/biblioargentina.gob.ar\/web\/wp-json\/wp\/v2\/pages\/1374","targetHints":{"allow":["GET"]}}],"collection":[{"href":"https:\/\/biblioargentina.gob.ar\/web\/wp-json\/wp\/v2\/pages"}],"about":[{"href":"https:\/\/biblioargentina.gob.ar\/web\/wp-json\/wp\/v2\/types\/page"}],"author":[{"embeddable":true,"href":"https:\/\/biblioargentina.gob.ar\/web\/wp-json\/wp\/v2\/users\/5"}],"replies":[{"embeddable":true,"href":"https:\/\/biblioargentina.gob.ar\/web\/wp-json\/wp\/v2\/comments?post=1374"}],"version-history":[{"count":92,"href":"https:\/\/biblioargentina.gob.ar\/web\/wp-json\/wp\/v2\/pages\/1374\/revisions"}],"predecessor-version":[{"id":21864,"href":"https:\/\/biblioargentina.gob.ar\/web\/wp-json\/wp\/v2\/pages\/1374\/revisions\/21864"}],"wp:attachment":[{"href":"https:\/\/biblioargentina.gob.ar\/web\/wp-json\/wp\/v2\/media?parent=1374"}],"curies":[{"name":"wp","href":"https:\/\/api.w.org\/{rel}","templated":true}]}}