{"id":10965,"date":"2023-01-24T16:26:30","date_gmt":"2023-01-24T16:26:30","guid":{"rendered":"https:\/\/biblioargentina.gob.ar\/web\/?page_id=10965"},"modified":"2026-04-07T11:34:51","modified_gmt":"2026-04-07T11:34:51","slug":"proyectos-sociales-de-la-biblioteca-argentina-con-instituciones-de-rosario","status":"publish","type":"page","link":"https:\/\/biblioargentina.gob.ar\/web\/proyectos-sociales-de-la-biblioteca-argentina-con-instituciones-de-rosario\/","title":{"rendered":"Proyectos sociales de la Biblioteca Argentina con instituciones de Rosario"},"content":{"rendered":"<form role=\"search\" method=\"get\" action=\"https:\/\/biblioargentina.gob.ar\/web\/\" class=\"wp-block-search__button-inside wp-block-search__text-button alignright wp-block-search\"    ><label class=\"wp-block-search__label screen-reader-text\" for=\"wp-block-search__input-1\" >Buscar<\/label><div class=\"wp-block-search__inside-wrapper\" ><input class=\"wp-block-search__input\" id=\"wp-block-search__input-1\" placeholder=\"\" value=\"\" type=\"search\" name=\"s\" required \/><button aria-label=\"Buscar\" class=\"wp-block-search__button wp-element-button\" type=\"submit\" >Buscar<\/button><\/div><\/form>\n\n\n<div style=\"height:30px\" aria-hidden=\"true\" class=\"wp-block-spacer\"><\/div>\n\n\n\n<h1 class=\"wp-block-heading\">Proyectos sociales de la Biblioteca Argentina con instituciones de Rosario<\/h1>\n\n\n\n<div style=\"height:30px\" aria-hidden=\"true\" class=\"wp-block-spacer\"><\/div>\n\n\n\n<div class=\"wp-block-media-text is-stacked-on-mobile is-vertically-aligned-top\"><figure class=\"wp-block-media-text__media\"><img loading=\"lazy\" decoding=\"async\" width=\"800\" height=\"533\" src=\"https:\/\/biblioargentina.gob.ar\/web\/wp-content\/uploads\/2025\/04\/Proyectos-sociales.png\" alt=\"\" class=\"wp-image-20087 size-full\" srcset=\"https:\/\/biblioargentina.gob.ar\/web\/wp-content\/uploads\/2025\/04\/Proyectos-sociales.png 800w, https:\/\/biblioargentina.gob.ar\/web\/wp-content\/uploads\/2025\/04\/Proyectos-sociales-300x200.png 300w, https:\/\/biblioargentina.gob.ar\/web\/wp-content\/uploads\/2025\/04\/Proyectos-sociales-768x512.png 768w\" sizes=\"auto, (max-width: 800px) 100vw, 800px\" \/><\/figure><div class=\"wp-block-media-text__content\">\n<p>La Biblioteca Argentina <em>Dr. Juan \u00c1lvarez<\/em> tiene como prop\u00f3sito acercar en igualdad de oportunidades a todas las ciudadanas y ciudadanos la lectura, la cultura y la informaci\u00f3n. Debe garantizar la participaci\u00f3n activa para colaborar en el fortalecimiento de una comunidad que conoce su historia, se piensa a s\u00ed misma y a otras culturas, generando conocimientos y logrando una sociedad m\u00e1s democr\u00e1tica e inclusiva.<\/p>\n<\/div><\/div>\n\n\n\n<div style=\"height:30px\" aria-hidden=\"true\" class=\"wp-block-spacer\"><\/div>\n\n\n\n<p>La biblioteca es un bien p\u00fablico que se restringe de muchas maneras, por ejemplo, dando prioridad en sus servicios a un sector de la sociedad, abriendo sus puertas s\u00f3lo a quienes de manera espont\u00e1nea, o en ocasiones obligada, llegan a ella. Privilegiando algunas de sus funciones, limitando sus recursos y colecciones. Hoy se constituye en un espacio m\u00faltiple, transversal y diverso.<\/p>\n\n\n\n<p>Una verdadera democracia participativa necesita instituciones que permitan a toda la ciudadan\u00eda acceso a la informaci\u00f3n, al conocimiento y a las manifestaciones de la cultura y el arte.<\/p>\n\n\n\n<p>La biblioteca p\u00fablica es cada vez m\u00e1s un espacio social de informaci\u00f3n, aprendizaje y cultura para la comunidad, personas de cualquier edad, nivel, formaci\u00f3n o procedencia. Es un recurso p\u00fablico que se debe orientar de modo compensatorio hacia las personas con menos recursos y m\u00e1s necesitados de competencias. Para ello, es necesario revisar algunos significados para propiciar nuevas identificaciones pol\u00edticas que habiliten nuevos modelos de identidad con ideales comunitarios.<\/p>\n\n\n\n<p>En este sentido, la instituci\u00f3n es parte de distintos proyectos en vinculaci\u00f3n con otras organizaciones y grupalidades:<\/p>\n\n\n\n<div style=\"height:5px\" aria-hidden=\"true\" class=\"wp-block-spacer\"><\/div>\n\n\n\n<div class=\"wp-block-media-text is-stacked-on-mobile is-vertically-aligned-center is-style-default\" style=\"grid-template-columns:56% auto\"><figure class=\"wp-block-media-text__media\"><img loading=\"lazy\" decoding=\"async\" width=\"1024\" height=\"683\" src=\"https:\/\/biblioargentina.gob.ar\/web\/wp-content\/uploads\/2025\/03\/huerta-3-1024x683.jpg\" alt=\"\" class=\"wp-image-19987 size-full\" srcset=\"https:\/\/biblioargentina.gob.ar\/web\/wp-content\/uploads\/2025\/03\/huerta-3-1024x683.jpg 1024w, https:\/\/biblioargentina.gob.ar\/web\/wp-content\/uploads\/2025\/03\/huerta-3-300x200.jpg 300w, https:\/\/biblioargentina.gob.ar\/web\/wp-content\/uploads\/2025\/03\/huerta-3-768x512.jpg 768w, https:\/\/biblioargentina.gob.ar\/web\/wp-content\/uploads\/2025\/03\/huerta-3.jpg 1160w\" sizes=\"auto, (max-width: 1024px) 100vw, 1024px\" \/><\/figure><div class=\"wp-block-media-text__content\">\n<h3 class=\"wp-block-heading has-text-color\" style=\"color:#000000\"><a href=\"https:\/\/biblioargentina.gob.ar\/web\/leer-y-sembrar-mediacion-lectora-en-huertas-urbanas\/\"><strong>\u201cLeer y Sembrar\u201d, mediaci\u00f3n lectora en huertas urbanas<\/strong><\/a><\/h3>\n<\/div><\/div>\n\n\n\n<div class=\"wp-block-media-text is-stacked-on-mobile is-vertically-aligned-center is-style-default\" style=\"grid-template-columns:56% auto\"><figure class=\"wp-block-media-text__media\"><img loading=\"lazy\" decoding=\"async\" width=\"400\" height=\"400\" src=\"https:\/\/biblioargentina.gob.ar\/web\/wp-content\/uploads\/2023\/01\/imagen-wordpress-cemar.png\" alt=\"Pasamanos, poes\u00eda en tr\u00e1nsito en el CEMAR.\" class=\"wp-image-11850 size-full\" srcset=\"https:\/\/biblioargentina.gob.ar\/web\/wp-content\/uploads\/2023\/01\/imagen-wordpress-cemar.png 400w, https:\/\/biblioargentina.gob.ar\/web\/wp-content\/uploads\/2023\/01\/imagen-wordpress-cemar-300x300.png 300w, https:\/\/biblioargentina.gob.ar\/web\/wp-content\/uploads\/2023\/01\/imagen-wordpress-cemar-150x150.png 150w, https:\/\/biblioargentina.gob.ar\/web\/wp-content\/uploads\/2023\/01\/imagen-wordpress-cemar-360x360.png 360w\" sizes=\"auto, (max-width: 400px) 100vw, 400px\" \/><\/figure><div class=\"wp-block-media-text__content\">\n<h3 class=\"wp-block-heading has-text-color\" style=\"color:#000000\"><strong><a href=\"https:\/\/biblioargentina.gob.ar\/web\/pasamanos-poesia-en-transito-en-el-cemar\/\">Pasamanos, poes\u00eda en tr\u00e1nsito en el CEMAR<\/a><\/strong><\/h3>\n<\/div><\/div>\n\n\n\n<div style=\"height:5px\" aria-hidden=\"true\" class=\"wp-block-spacer\"><\/div>\n\n\n\n<div style=\"height:5px\" aria-hidden=\"true\" class=\"wp-block-spacer\"><\/div>\n\n\n\n<div class=\"wp-block-media-text is-stacked-on-mobile is-vertically-aligned-center is-style-default\" style=\"grid-template-columns:56% auto\"><figure class=\"wp-block-media-text__media\"><img loading=\"lazy\" decoding=\"async\" width=\"1024\" height=\"967\" src=\"https:\/\/biblioargentina.gob.ar\/web\/wp-content\/uploads\/2024\/08\/bebes-en-bibliotecas-en-la-casa-imaginada--1024x967.jpg\" alt=\"Se observan 2 mujeres sentadas en bancos con sus brazos extendidos hacia arriba. Y, a su alrededor, otras mujeres observ\u00e1ndolas y haciendo tambi\u00e9n gestos con sus brazos hacia arriba.\" class=\"wp-image-18362 size-full\" srcset=\"https:\/\/biblioargentina.gob.ar\/web\/wp-content\/uploads\/2024\/08\/bebes-en-bibliotecas-en-la-casa-imaginada--1024x967.jpg 1024w, https:\/\/biblioargentina.gob.ar\/web\/wp-content\/uploads\/2024\/08\/bebes-en-bibliotecas-en-la-casa-imaginada--300x283.jpg 300w, https:\/\/biblioargentina.gob.ar\/web\/wp-content\/uploads\/2024\/08\/bebes-en-bibliotecas-en-la-casa-imaginada--768x725.jpg 768w, https:\/\/biblioargentina.gob.ar\/web\/wp-content\/uploads\/2024\/08\/bebes-en-bibliotecas-en-la-casa-imaginada--1536x1450.jpg 1536w, https:\/\/biblioargentina.gob.ar\/web\/wp-content\/uploads\/2024\/08\/bebes-en-bibliotecas-en-la-casa-imaginada--2048x1933.jpg 2048w\" sizes=\"auto, (max-width: 1024px) 100vw, 1024px\" \/><\/figure><div class=\"wp-block-media-text__content\">\n<h3 class=\"wp-block-heading has-text-color\" style=\"color:#000000\"><strong><a href=\"https:\/\/biblioargentina.gob.ar\/web\/bebes-en-bibliotecas\/\">Beb\u00e9s en bibliotecas<\/a><\/strong><\/h3>\n<\/div><\/div>\n\n\n\n<div style=\"height:5px\" aria-hidden=\"true\" class=\"wp-block-spacer\"><\/div>\n\n\n\n<div style=\"height:30px\" aria-hidden=\"true\" class=\"wp-block-spacer\"><\/div>\n\n\n\n<div class=\"wp-block-media-text alignfull has-media-on-the-right is-stacked-on-mobile is-vertically-aligned-center is-style-default\" style=\"grid-template-columns:auto 56%\"><div class=\"wp-block-media-text__content\">\n<h2 class=\"wp-block-heading has-text-color\" style=\"color:#000000\"><strong>Presentaciones de libros, conciertos y todos los eventos<\/strong><\/h2>\n\n\n\n<div class=\"wp-block-buttons is-layout-flex wp-block-buttons-is-layout-flex\">\n<div class=\"wp-block-button\"><a class=\"wp-block-button__link wp-element-button\" href=\"https:\/\/biblioargentina.gob.ar\/web\/agenda\/\">Consulte la agenda<\/a><\/div>\n<\/div>\n<\/div><figure class=\"wp-block-media-text__media\"><img loading=\"lazy\" decoding=\"async\" width=\"1024\" height=\"1024\" src=\"https:\/\/biblioargentina.gob.ar\/web\/wp-content\/uploads\/2023\/09\/Entrada-corregida-1024x1024.jpg\" alt=\"Foto de la entrada antigua de la Biblioteca Argentina Dr. Juan \u00c1lvarez.\" class=\"wp-image-15344 size-full\" srcset=\"https:\/\/biblioargentina.gob.ar\/web\/wp-content\/uploads\/2023\/09\/Entrada-corregida-1024x1024.jpg 1024w, https:\/\/biblioargentina.gob.ar\/web\/wp-content\/uploads\/2023\/09\/Entrada-corregida-300x300.jpg 300w, https:\/\/biblioargentina.gob.ar\/web\/wp-content\/uploads\/2023\/09\/Entrada-corregida-150x150.jpg 150w, https:\/\/biblioargentina.gob.ar\/web\/wp-content\/uploads\/2023\/09\/Entrada-corregida-768x768.jpg 768w, https:\/\/biblioargentina.gob.ar\/web\/wp-content\/uploads\/2023\/09\/Entrada-corregida-1536x1536.jpg 1536w, https:\/\/biblioargentina.gob.ar\/web\/wp-content\/uploads\/2023\/09\/Entrada-corregida-2048x2048.jpg 2048w, https:\/\/biblioargentina.gob.ar\/web\/wp-content\/uploads\/2023\/09\/Entrada-corregida-720x720.jpg 720w, https:\/\/biblioargentina.gob.ar\/web\/wp-content\/uploads\/2023\/09\/Entrada-corregida-360x360.jpg 360w\" sizes=\"auto, (max-width: 1024px) 100vw, 1024px\" \/><\/figure><\/div>\n\n\n\n<p><\/p>\n","protected":false},"excerpt":{"rendered":"<p>Proyectos sociales de la Biblioteca Argentina con instituciones de Rosario La Biblioteca Argentina Dr. Juan \u00c1lvarez tiene como prop\u00f3sito acercar [&hellip;]<\/p>\n","protected":false},"author":5,"featured_media":0,"parent":0,"menu_order":0,"comment_status":"open","ping_status":"closed","template":"","meta":{"site-sidebar-layout":"default","site-content-layout":"","ast-site-content-layout":"","site-content-style":"default","site-sidebar-style":"default","ast-global-header-display":"","ast-banner-title-visibility":"","ast-main-header-display":"","ast-hfb-above-header-display":"","ast-hfb-below-header-display":"","ast-hfb-mobile-header-display":"","site-post-title":"disabled","ast-breadcrumbs-content":"","ast-featured-img":"","footer-sml-layout":"","ast-disable-related-posts":"","theme-transparent-header-meta":"","adv-header-id-meta":"","stick-header-meta":"","header-above-stick-meta":"","header-main-stick-meta":"","header-below-stick-meta":"","astra-migrate-meta-layouts":"default","ast-page-background-enabled":"default","ast-page-background-meta":{"desktop":{"background-color":"var(--ast-global-color-4)","background-image":"","background-repeat":"repeat","background-position":"center center","background-size":"auto","background-attachment":"scroll","background-type":"","background-media":"","overlay-type":"","overlay-color":"","overlay-opacity":"","overlay-gradient":""},"tablet":{"background-color":"","background-image":"","background-repeat":"repeat","background-position":"center center","background-size":"auto","background-attachment":"scroll","background-type":"","background-media":"","overlay-type":"","overlay-color":"","overlay-opacity":"","overlay-gradient":""},"mobile":{"background-color":"","background-image":"","background-repeat":"repeat","background-position":"center center","background-size":"auto","background-attachment":"scroll","background-type":"","background-media":"","overlay-type":"","overlay-color":"","overlay-opacity":"","overlay-gradient":""}},"ast-content-background-meta":{"desktop":{"background-color":"var(--ast-global-color-5)","background-image":"","background-repeat":"repeat","background-position":"center center","background-size":"auto","background-attachment":"scroll","background-type":"","background-media":"","overlay-type":"","overlay-color":"","overlay-opacity":"","overlay-gradient":""},"tablet":{"background-color":"var(--ast-global-color-5)","background-image":"","background-repeat":"repeat","background-position":"center center","background-size":"auto","background-attachment":"scroll","background-type":"","background-media":"","overlay-type":"","overlay-color":"","overlay-opacity":"","overlay-gradient":""},"mobile":{"background-color":"var(--ast-global-color-5)","background-image":"","background-repeat":"repeat","background-position":"center center","background-size":"auto","background-attachment":"scroll","background-type":"","background-media":"","overlay-type":"","overlay-color":"","overlay-opacity":"","overlay-gradient":""}},"footnotes":""},"class_list":["post-10965","page","type-page","status-publish","hentry"],"_links":{"self":[{"href":"https:\/\/biblioargentina.gob.ar\/web\/wp-json\/wp\/v2\/pages\/10965","targetHints":{"allow":["GET"]}}],"collection":[{"href":"https:\/\/biblioargentina.gob.ar\/web\/wp-json\/wp\/v2\/pages"}],"about":[{"href":"https:\/\/biblioargentina.gob.ar\/web\/wp-json\/wp\/v2\/types\/page"}],"author":[{"embeddable":true,"href":"https:\/\/biblioargentina.gob.ar\/web\/wp-json\/wp\/v2\/users\/5"}],"replies":[{"embeddable":true,"href":"https:\/\/biblioargentina.gob.ar\/web\/wp-json\/wp\/v2\/comments?post=10965"}],"version-history":[{"count":127,"href":"https:\/\/biblioargentina.gob.ar\/web\/wp-json\/wp\/v2\/pages\/10965\/revisions"}],"predecessor-version":[{"id":22421,"href":"https:\/\/biblioargentina.gob.ar\/web\/wp-json\/wp\/v2\/pages\/10965\/revisions\/22421"}],"wp:attachment":[{"href":"https:\/\/biblioargentina.gob.ar\/web\/wp-json\/wp\/v2\/media?parent=10965"}],"curies":[{"name":"wp","href":"https:\/\/api.w.org\/{rel}","templated":true}]}}

<form role="search" method="get" action="https://biblioargentina.gob.ar/web/" class="wp-block-search__button-inside wp-block-search__text-button alignright wp-block-search"    ><label class="wp-block-search__label screen-reader-text" for="wp-block-search__input-1" >Buscar</label><div class="wp-block-search__inside-wrapper" ><input class="wp-block-search__input" id="wp-block-search__input-1" placeholder="" value="" type="search" name="s" required /><button aria-label="Buscar" class="wp-block-search__button wp-element-button" type="submit" >Buscar</button></div></form>


<div style="height:30px" aria-hidden="true" class="wp-block-spacer"></div>



<h1 class="wp-block-heading">Proyectos sociales de la Biblioteca Argentina con instituciones de Rosario</h1>



<div style="height:30px" aria-hidden="true" class="wp-block-spacer"></div>



<div class="wp-block-media-text is-stacked-on-mobile is-vertically-aligned-top"><figure class="wp-block-media-text__media"><img loading="lazy" decoding="async" width="800" height="533" src="https://biblioargentina.gob.ar/web/wp-content/uploads/2025/04/Proyectos-sociales.png" alt="" class="wp-image-20087 size-full" srcset="https://biblioargentina.gob.ar/web/wp-content/uploads/2025/04/Proyectos-sociales.png 800w, https://biblioargentina.gob.ar/web/wp-content/uploads/2025/04/Proyectos-sociales-300x200.png 300w, https://biblioargentina.gob.ar/web/wp-content/uploads/2025/04/Proyectos-sociales-768x512.png 768w" sizes="auto, (max-width: 800px) 100vw, 800px" /></figure><div class="wp-block-media-text__content">
<p>La Biblioteca Argentina <em>Dr. Juan Álvarez</em> tiene como propósito acercar en igualdad de oportunidades a todas las ciudadanas y ciudadanos la lectura, la cultura y la información. Debe garantizar la participación activa para colaborar en el fortalecimiento de una comunidad que conoce su historia, se piensa a sí misma y a otras culturas, generando conocimientos y logrando una sociedad más democrática e inclusiva.</p>
</div></div>



<div style="height:30px" aria-hidden="true" class="wp-block-spacer"></div>



<p>La biblioteca es un bien público que se restringe de muchas maneras, por ejemplo, dando prioridad en sus servicios a un sector de la sociedad, abriendo sus puertas sólo a quienes de manera espontánea, o en ocasiones obligada, llegan a ella. Privilegiando algunas de sus funciones, limitando sus recursos y colecciones. Hoy se constituye en un espacio múltiple, transversal y diverso.</p>



<p>Una verdadera democracia participativa necesita instituciones que permitan a toda la ciudadanía acceso a la información, al conocimiento y a las manifestaciones de la cultura y el arte.</p>



<p>La biblioteca pública es cada vez más un espacio social de información, aprendizaje y cultura para la comunidad, personas de cualquier edad, nivel, formación o procedencia. Es un recurso público que se debe orientar de modo compensatorio hacia las personas con menos recursos y más necesitados de competencias. Para ello, es necesario revisar algunos significados para propiciar nuevas identificaciones políticas que habiliten nuevos modelos de identidad con ideales comunitarios.</p>



<p>En este sentido, la institución es parte de distintos proyectos en vinculación con otras organizaciones y grupalidades:</p>



<div style="height:5px" aria-hidden="true" class="wp-block-spacer"></div>



<div class="wp-block-media-text is-stacked-on-mobile is-vertically-aligned-center is-style-default" style="grid-template-columns:56% auto"><figure class="wp-block-media-text__media"><img loading="lazy" decoding="async" width="1024" height="683" src="https://biblioargentina.gob.ar/web/wp-content/uploads/2025/03/huerta-3-1024x683.jpg" alt="" class="wp-image-19987 size-full" srcset="https://biblioargentina.gob.ar/web/wp-content/uploads/2025/03/huerta-3-1024x683.jpg 1024w, https://biblioargentina.gob.ar/web/wp-content/uploads/2025/03/huerta-3-300x200.jpg 300w, https://biblioargentina.gob.ar/web/wp-content/uploads/2025/03/huerta-3-768x512.jpg 768w, https://biblioargentina.gob.ar/web/wp-content/uploads/2025/03/huerta-3.jpg 1160w" sizes="auto, (max-width: 1024px) 100vw, 1024px" /></figure><div class="wp-block-media-text__content">
<h3 class="wp-block-heading has-text-color" style="color:#000000"><a href="https://biblioargentina.gob.ar/web/leer-y-sembrar-mediacion-lectora-en-huertas-urbanas/"><strong>“Leer y Sembrar”, mediación lectora en huertas urbanas</strong></a></h3>
</div></div>



<div class="wp-block-media-text is-stacked-on-mobile is-vertically-aligned-center is-style-default" style="grid-template-columns:56% auto"><figure class="wp-block-media-text__media"><img loading="lazy" decoding="async" width="400" height="400" src="https://biblioargentina.gob.ar/web/wp-content/uploads/2023/01/imagen-wordpress-cemar.png" alt="Pasamanos, poesía en tránsito en el CEMAR." class="wp-image-11850 size-full" srcset="https://biblioargentina.gob.ar/web/wp-content/uploads/2023/01/imagen-wordpress-cemar.png 400w, https://biblioargentina.gob.ar/web/wp-content/uploads/2023/01/imagen-wordpress-cemar-300x300.png 300w, https://biblioargentina.gob.ar/web/wp-content/uploads/2023/01/imagen-wordpress-cemar-150x150.png 150w, https://biblioargentina.gob.ar/web/wp-content/uploads/2023/01/imagen-wordpress-cemar-360x360.png 360w" sizes="auto, (max-width: 400px) 100vw, 400px" /></figure><div class="wp-block-media-text__content">
<h3 class="wp-block-heading has-text-color" style="color:#000000"><strong><a href="https://biblioargentina.gob.ar/web/pasamanos-poesia-en-transito-en-el-cemar/">Pasamanos, poesía en tránsito en el CEMAR</a></strong></h3>
</div></div>



<div style="height:5px" aria-hidden="true" class="wp-block-spacer"></div>



<div style="height:5px" aria-hidden="true" class="wp-block-spacer"></div>



<div class="wp-block-media-text is-stacked-on-mobile is-vertically-aligned-center is-style-default" style="grid-template-columns:56% auto"><figure class="wp-block-media-text__media"><img loading="lazy" decoding="async" width="1024" height="967" src="https://biblioargentina.gob.ar/web/wp-content/uploads/2024/08/bebes-en-bibliotecas-en-la-casa-imaginada--1024x967.jpg" alt="Se observan 2 mujeres sentadas en bancos con sus brazos extendidos hacia arriba. Y, a su alrededor, otras mujeres observándolas y haciendo también gestos con sus brazos hacia arriba." class="wp-image-18362 size-full" srcset="https://biblioargentina.gob.ar/web/wp-content/uploads/2024/08/bebes-en-bibliotecas-en-la-casa-imaginada--1024x967.jpg 1024w, https://biblioargentina.gob.ar/web/wp-content/uploads/2024/08/bebes-en-bibliotecas-en-la-casa-imaginada--300x283.jpg 300w, https://biblioargentina.gob.ar/web/wp-content/uploads/2024/08/bebes-en-bibliotecas-en-la-casa-imaginada--768x725.jpg 768w, https://biblioargentina.gob.ar/web/wp-content/uploads/2024/08/bebes-en-bibliotecas-en-la-casa-imaginada--1536x1450.jpg 1536w, https://biblioargentina.gob.ar/web/wp-content/uploads/2024/08/bebes-en-bibliotecas-en-la-casa-imaginada--2048x1933.jpg 2048w" sizes="auto, (max-width: 1024px) 100vw, 1024px" /></figure><div class="wp-block-media-text__content">
<h3 class="wp-block-heading has-text-color" style="color:#000000"><strong><a href="https://biblioargentina.gob.ar/web/bebes-en-bibliotecas/">Bebés en bibliotecas</a></strong></h3>
</div></div>



<div style="height:5px" aria-hidden="true" class="wp-block-spacer"></div>



<div style="height:30px" aria-hidden="true" class="wp-block-spacer"></div>



<div class="wp-block-media-text alignfull has-media-on-the-right is-stacked-on-mobile is-vertically-aligned-center is-style-default" style="grid-template-columns:auto 56%"><div class="wp-block-media-text__content">
<h2 class="wp-block-heading has-text-color" style="color:#000000"><strong>Presentaciones de libros, conciertos y todos los eventos</strong></h2>



<div class="wp-block-buttons is-layout-flex wp-block-buttons-is-layout-flex">
<div class="wp-block-button"><a class="wp-block-button__link wp-element-button" href="https://biblioargentina.gob.ar/web/agenda/">Consulte la agenda</a></div>
</div>
</div><figure class="wp-block-media-text__media"><img loading="lazy" decoding="async" width="1024" height="1024" src="https://biblioargentina.gob.ar/web/wp-content/uploads/2023/09/Entrada-corregida-1024x1024.jpg" alt="Foto de la entrada antigua de la Biblioteca Argentina Dr. Juan Álvarez." class="wp-image-15344 size-full" srcset="https://biblioargentina.gob.ar/web/wp-content/uploads/2023/09/Entrada-corregida-1024x1024.jpg 1024w, https://biblioargentina.gob.ar/web/wp-content/uploads/2023/09/Entrada-corregida-300x300.jpg 300w, https://biblioargentina.gob.ar/web/wp-content/uploads/2023/09/Entrada-corregida-150x150.jpg 150w, https://biblioargentina.gob.ar/web/wp-content/uploads/2023/09/Entrada-corregida-768x768.jpg 768w, https://biblioargentina.gob.ar/web/wp-content/uploads/2023/09/Entrada-corregida-1536x1536.jpg 1536w, https://biblioargentina.gob.ar/web/wp-content/uploads/2023/09/Entrada-corregida-2048x2048.jpg 2048w, https://biblioargentina.gob.ar/web/wp-content/uploads/2023/09/Entrada-corregida-720x720.jpg 720w, https://biblioargentina.gob.ar/web/wp-content/uploads/2023/09/Entrada-corregida-360x360.jpg 360w" sizes="auto, (max-width: 1024px) 100vw, 1024px" /></figure></div>



<p></p>

<p>Proyectos sociales de la Biblioteca Argentina con instituciones de Rosario La Biblioteca Argentina Dr. Juan Álvarez tiene como propósito acercar [&hellip;]</p>
